{"id":1114,"date":"2022-05-31T16:25:51","date_gmt":"2022-05-31T14:25:51","guid":{"rendered":"http:\/\/passeurspatrimoineplogonnec.fr\/?page_id=1114"},"modified":"2023-11-11T18:15:25","modified_gmt":"2023-11-11T17:15:25","slug":"1114-2","status":"publish","type":"page","link":"https:\/\/passeurspatrimoineplogonnec.fr\/?page_id=1114","title":{"rendered":"La famille Chancerelle"},"content":{"rendered":"\n<h2 class=\"wp-block-heading\">Patrick Chancerelle<\/h2>\n\n\n\n<p>Voici le r\u00e9cit des souvenirs de prison et de l\u2019\u00e9vasion de l\u2019Aspirant &nbsp;<strong>Patrick &nbsp;CHANCERELLE<\/strong>, &nbsp;alors prisonnier au camp d\u2019Hammelburg en Allemagne et transf\u00e9r\u00e9 \u00e0 Barnereuth puis \u00e0 Essen dans la&nbsp;<strong>p\u00e9riode 1941-1942<\/strong>. &nbsp;&nbsp;&nbsp;&nbsp;<\/p>\n\n\n\n<p>Patrick CHANCERELLE est n\u00e9 \u00e0 Douarnenez le 13 juin 1916. Il a r\u00e9sid\u00e9 \u00e0 Kernoalet en Plogonnec et a exerc\u00e9 la profession d\u2019ing\u00e9nieur agronome. Il \u00e9tait mari\u00e9 \u00e0 Solange De La BROSSE avec laquelle il eut six enfants. Il est d\u00e9c\u00e9d\u00e9 \u00e0 Plogonnec le 13 juin 2011 \u00e0 l\u2019\u00e2ge de 95 ans.<\/p>\n\n\n\n<p>Sa famille r\u00e9side toujours \u00e0 Kernoalet en Plogonnec.<\/p>\n\n\n\n<p>Episode 1 :&nbsp;<strong><a href=\"http:\/\/passeurspatrimoineplogonnec.fr\/?page_id=1082\" target=\"_blank\" rel=\"noreferrer noopener\">SOUVENIRS DE PRISON (1941-1942)<\/a><\/strong><br>Episode 2&nbsp;:<a href=\"http:\/\/passeurspatrimoineplogonnec.fr\/?page_id=1093\" target=\"_blank\" rel=\"noreferrer noopener\">&nbsp;<strong>L\u2019\u00c9VASION (mars 1942)<\/strong><\/a><\/p>\n\n\n\n<p class=\"has-text-align-center\">************************************************<\/p>\n\n\n\n<h2 class=\"wp-block-heading\">Paul Chancerelle &nbsp;<\/h2>\n\n\n\n<p>R\u00e9cit d\u2019\u00e9vasion (1942-1943)<\/p>\n\n\n\n<p>\u200bEpisode 1 :&nbsp;<strong><a href=\"http:\/\/passeurspatrimoineplogonnec.fr\/?page_id=1100\" target=\"_blank\" rel=\"noreferrer noopener\">IN DEUTCHLAND \u2013 DOLBAU, 27 Juin 1942<\/a><\/strong><br>Episode 2&nbsp;:&nbsp;<strong><a href=\"http:\/\/passeurspatrimoineplogonnec.fr\/?page_id=1133\" target=\"_blank\" rel=\"noreferrer noopener\">De Lille \u00e0 Lourdes<\/a><br>\u200b<\/strong><\/p>\n\n\n\n<p class=\"has-text-align-center\">************************************************<\/p>\n\n\n\n<h2 class=\"wp-block-heading\">\u200bYvon Chancerelle<\/h2>\n\n\n\n<p>&nbsp;<em><a href=\"http:\/\/passeurspatrimoineplogonnec.fr\/?page_id=1145\" target=\"_blank\" rel=\"noreferrer noopener\">R\u00e9cit partiel de sa&nbsp;vie de r\u00e9sistant de 1939 \u00e0 1944<\/a><\/em><\/p>\n\n\n\n<p class=\"has-text-align-center\">************************************************<\/p>\n","protected":false},"excerpt":{"rendered":"<p>Patrick Chancerelle Voici le r\u00e9cit des souvenirs de prison et de l\u2019\u00e9vasion de l\u2019Aspirant &nbsp;Patrick &nbsp;CHANCERELLE, &nbsp;alors prisonnier au camp d\u2019Hammelburg en Allemagne et transf\u00e9r\u00e9 \u00e0 Barnereuth puis \u00e0 Essen dans la&nbsp;p\u00e9riode 1941-1942. &nbsp;&nbsp;&nbsp;&nbsp; Patrick CHANCERELLE est n\u00e9 \u00e0 Douarnenez &hellip; <a href=\"https:\/\/passeurspatrimoineplogonnec.fr\/?page_id=1114\">Continuer la lecture <span class=\"meta-nav\">&rarr;<\/span><\/a><\/p>\n","protected":false},"author":1,"featured_media":0,"parent":0,"menu_order":0,"comment_status":"closed","ping_status":"closed","template":"","meta":{"footnotes":""},"class_list":["post-1114","page","type-page","status-publish","hentry"],"yoast_head":"<!-- This site is optimized with the Yoast SEO plugin v27.4 - https:\/\/yoast.com\/product\/yoast-seo-wordpress\/ -->\n<title>La famille Chancerelle - Passeurs de Patrimoine de Plogonnec<\/title>\n<meta name=\"robots\" content=\"index, follow, max-snippet:-1, max-image-preview:large, max-video-preview:-1\" \/>\n<link rel=\"canonical\" href=\"https:\/\/passeurspatrimoineplogonnec.fr\/?page_id=1114\" \/>\n<meta property=\"og:locale\" content=\"fr_FR\" \/>\n<meta property=\"og:type\" content=\"article\" \/>\n<meta property=\"og:title\" content=\"La famille Chancerelle - Passeurs de Patrimoine de Plogonnec\" \/>\n<meta property=\"og:description\" content=\"Patrick Chancerelle Voici le r\u00e9cit des souvenirs de prison et de l\u2019\u00e9vasion de l\u2019Aspirant &nbsp;Patrick &nbsp;CHANCERELLE, &nbsp;alors prisonnier au camp d\u2019Hammelburg en Allemagne et transf\u00e9r\u00e9 \u00e0 Barnereuth puis \u00e0 Essen dans la&nbsp;p\u00e9riode 1941-1942. &nbsp;&nbsp;&nbsp;&nbsp; Patrick CHANCERELLE est n\u00e9 \u00e0 Douarnenez &hellip; Continuer la lecture &rarr;\" \/>\n<meta property=\"og:url\" content=\"https:\/\/passeurspatrimoineplogonnec.fr\/?page_id=1114\" \/>\n<meta property=\"og:site_name\" content=\"Passeurs de Patrimoine de Plogonnec\" \/>\n<meta property=\"article:modified_time\" content=\"2023-11-11T17:15:25+00:00\" \/>\n<meta name=\"twitter:card\" content=\"summary_large_image\" \/>\n<meta name=\"twitter:label1\" content=\"Dur\u00e9e de lecture estim\u00e9e\" \/>\n\t<meta name=\"twitter:data1\" content=\"1 minute\" \/>\n<script type=\"application\/ld+json\" class=\"yoast-schema-graph\">{\"@context\":\"https:\\\/\\\/schema.org\",\"@graph\":[{\"@type\":\"WebPage\",\"@id\":\"https:\\\/\\\/passeurspatrimoineplogonnec.fr\\\/?page_id=1114\",\"url\":\"https:\\\/\\\/passeurspatrimoineplogonnec.fr\\\/?page_id=1114\",\"name\":\"La famille Chancerelle - Passeurs de Patrimoine de Plogonnec\",\"isPartOf\":{\"@id\":\"https:\\\/\\\/passeurspatrimoineplogonnec.fr\\\/#website\"},\"datePublished\":\"2022-05-31T14:25:51+00:00\",\"dateModified\":\"2023-11-11T17:15:25+00:00\",\"breadcrumb\":{\"@id\":\"https:\\\/\\\/passeurspatrimoineplogonnec.fr\\\/?page_id=1114#breadcrumb\"},\"inLanguage\":\"fr-FR\",\"potentialAction\":[{\"@type\":\"ReadAction\",\"target\":[\"https:\\\/\\\/passeurspatrimoineplogonnec.fr\\\/?page_id=1114\"]}]},{\"@type\":\"BreadcrumbList\",\"@id\":\"https:\\\/\\\/passeurspatrimoineplogonnec.fr\\\/?page_id=1114#breadcrumb\",\"itemListElement\":[{\"@type\":\"ListItem\",\"position\":1,\"name\":\"Accueil\",\"item\":\"https:\\\/\\\/passeurspatrimoineplogonnec.fr\\\/\"},{\"@type\":\"ListItem\",\"position\":2,\"name\":\"La famille Chancerelle\"}]},{\"@type\":\"WebSite\",\"@id\":\"https:\\\/\\\/passeurspatrimoineplogonnec.fr\\\/#website\",\"url\":\"https:\\\/\\\/passeurspatrimoineplogonnec.fr\\\/\",\"name\":\"Passeurs de Patrimoine de Plogonnec\",\"description\":\"\",\"potentialAction\":[{\"@type\":\"SearchAction\",\"target\":{\"@type\":\"EntryPoint\",\"urlTemplate\":\"https:\\\/\\\/passeurspatrimoineplogonnec.fr\\\/?s={search_term_string}\"},\"query-input\":{\"@type\":\"PropertyValueSpecification\",\"valueRequired\":true,\"valueName\":\"search_term_string\"}}],\"inLanguage\":\"fr-FR\"}]}<\/script>\n<!-- \/ Yoast SEO plugin. -->","yoast_head_json":{"title":"La famille Chancerelle - Passeurs de Patrimoine de Plogonnec","robots":{"index":"index","follow":"follow","max-snippet":"max-snippet:-1","max-image-preview":"max-image-preview:large","max-video-preview":"max-video-preview:-1"},"canonical":"https:\/\/passeurspatrimoineplogonnec.fr\/?page_id=1114","og_locale":"fr_FR","og_type":"article","og_title":"La famille Chancerelle - Passeurs de Patrimoine de Plogonnec","og_description":"Patrick Chancerelle Voici le r\u00e9cit des souvenirs de prison et de l\u2019\u00e9vasion de l\u2019Aspirant &nbsp;Patrick &nbsp;CHANCERELLE, &nbsp;alors prisonnier au camp d\u2019Hammelburg en Allemagne et transf\u00e9r\u00e9 \u00e0 Barnereuth puis \u00e0 Essen dans la&nbsp;p\u00e9riode 1941-1942. &nbsp;&nbsp;&nbsp;&nbsp; Patrick CHANCERELLE est n\u00e9 \u00e0 Douarnenez &hellip; Continuer la lecture &rarr;","og_url":"https:\/\/passeurspatrimoineplogonnec.fr\/?page_id=1114","og_site_name":"Passeurs de Patrimoine de Plogonnec","article_modified_time":"2023-11-11T17:15:25+00:00","twitter_card":"summary_large_image","twitter_misc":{"Dur\u00e9e de lecture estim\u00e9e":"1 minute"},"schema":{"@context":"https:\/\/schema.org","@graph":[{"@type":"WebPage","@id":"https:\/\/passeurspatrimoineplogonnec.fr\/?page_id=1114","url":"https:\/\/passeurspatrimoineplogonnec.fr\/?page_id=1114","name":"La famille Chancerelle - Passeurs de Patrimoine de Plogonnec","isPartOf":{"@id":"https:\/\/passeurspatrimoineplogonnec.fr\/#website"},"datePublished":"2022-05-31T14:25:51+00:00","dateModified":"2023-11-11T17:15:25+00:00","breadcrumb":{"@id":"https:\/\/passeurspatrimoineplogonnec.fr\/?page_id=1114#breadcrumb"},"inLanguage":"fr-FR","potentialAction":[{"@type":"ReadAction","target":["https:\/\/passeurspatrimoineplogonnec.fr\/?page_id=1114"]}]},{"@type":"BreadcrumbList","@id":"https:\/\/passeurspatrimoineplogonnec.fr\/?page_id=1114#breadcrumb","itemListElement":[{"@type":"ListItem","position":1,"name":"Accueil","item":"https:\/\/passeurspatrimoineplogonnec.fr\/"},{"@type":"ListItem","position":2,"name":"La famille Chancerelle"}]},{"@type":"WebSite","@id":"https:\/\/passeurspatrimoineplogonnec.fr\/#website","url":"https:\/\/passeurspatrimoineplogonnec.fr\/","name":"Passeurs de Patrimoine de Plogonnec","description":"","potentialAction":[{"@type":"SearchAction","target":{"@type":"EntryPoint","urlTemplate":"https:\/\/passeurspatrimoineplogonnec.fr\/?s={search_term_string}"},"query-input":{"@type":"PropertyValueSpecification","valueRequired":true,"valueName":"search_term_string"}}],"inLanguage":"fr-FR"}]}},"_links":{"self":[{"href":"https:\/\/passeurspatrimoineplogonnec.fr\/index.php?rest_route=\/wp\/v2\/pages\/1114","targetHints":{"allow":["GET"]}}],"collection":[{"href":"https:\/\/passeurspatrimoineplogonnec.fr\/index.php?rest_route=\/wp\/v2\/pages"}],"about":[{"href":"https:\/\/passeurspatrimoineplogonnec.fr\/index.php?rest_route=\/wp\/v2\/types\/page"}],"author":[{"embeddable":true,"href":"https:\/\/passeurspatrimoineplogonnec.fr\/index.php?rest_route=\/wp\/v2\/users\/1"}],"replies":[{"embeddable":true,"href":"https:\/\/passeurspatrimoineplogonnec.fr\/index.php?rest_route=%2Fwp%2Fv2%2Fcomments&post=1114"}],"version-history":[{"count":18,"href":"https:\/\/passeurspatrimoineplogonnec.fr\/index.php?rest_route=\/wp\/v2\/pages\/1114\/revisions"}],"predecessor-version":[{"id":1160,"href":"https:\/\/passeurspatrimoineplogonnec.fr\/index.php?rest_route=\/wp\/v2\/pages\/1114\/revisions\/1160"}],"wp:attachment":[{"href":"https:\/\/passeurspatrimoineplogonnec.fr\/index.php?rest_route=%2Fwp%2Fv2%2Fmedia&parent=1114"}],"curies":[{"name":"wp","href":"https:\/\/api.w.org\/{rel}","templated":true}]}}