{"id":1691,"date":"2022-07-04T11:40:42","date_gmt":"2022-07-04T09:40:42","guid":{"rendered":"http:\/\/passeurspatrimoineplogonnec.fr\/?page_id=1691"},"modified":"2023-11-12T12:49:52","modified_gmt":"2023-11-12T11:49:52","slug":"saint-jean-de-landibilic","status":"publish","type":"page","link":"https:\/\/passeurspatrimoineplogonnec.fr\/?page_id=1691","title":{"rendered":"Saint Jean de Landibilic (disparue)"},"content":{"rendered":"\n<p><\/p>\n\n\n\n<p><strong>La chapelle<\/strong><\/p>\n\n\n\n<p>Il a exist\u00e9 une chapelle de Saint Jean situ\u00e9 en la ferme de Landibilic au bord de la route de Plogonnec \u00e0 Locronan. Elle n\u2019\u00e9tait sans doute pas du ressort paroissial mais possiblement de hospitaliers de Saint Jean de J\u00e9rusalem ce explique peut-\u00eatre sa disparition. Elle fut ruin\u00e9e au XVIII<sup>e<\/sup> si\u00e8cle. Elle figure par contre \u00e0 la carte de Jean-Dominique Cassini de Thury mais elle n\u2019apparait m\u00eame plus sur la carte de l\u2019itin\u00e9raire de Bretagne d\u2019Og\u00e9e (1769).<\/p>\n\n\n\n<p>L\u2019\u00e9difice devait se situer au sud de l\u2019actuelle ferme dans une parcelle bien plane aujourd\u2019hui les parcelles n\u00b0 325 et n\u00b0 328 en lieu et place d\u2019une vieille cr\u00e8che qui y fut substitu\u00e9e. Sur place les vestiges de l\u2019\u00e9difice sont tr\u00e8s rares, ici ou l\u00e0 une pierre plus ou moins form\u00e9e ou ouvrag\u00e9e git dans un jardin ou se trouve englob\u00e9e dans un mur. Quelques pierres de fenestrage de cette ancienne chapelle sont en d\u00e9p\u00f4t dans la cours de la ferme de Guernevez. C\u2019\u00e9tait un \u00e9difice de style gothique.<\/p>\n\n\n\n<p>A l\u2019\u00e9chelon paroissial ce culte de Saint Jean est inexistant. Il est par contre int\u00e9ressant de faire un rapprochement avec la chapelle templi\u00e8re de Kroaz l\u2019Hospital. La chapelle Saint Jean relevait-elle de l\u2019ordre de Saint Jean de J\u00e9rusalem&nbsp;? Comme cet ordre a h\u00e9rit\u00e9 localement de la gestion de Kroaz L\u2019Hospital, n\u2019a-t-il pas donn\u00e9 la priorit\u00e9 \u00e0 ce site, ce qui pourrait expliquer le d\u00e9laissement de la chapelle Saint Jean. Nous n\u2019avons aucun \u00e9l\u00e9ment tangible pour argumenter en ce sens. En tout cas ces deux chapelles disparaissent vers la m\u00eame \u00e9poque.<\/p>\n\n\n\n<p><strong>Le calvaire<\/strong><\/p>\n\n\n\n<p>Il existe toujours un calvaire d\u00e9di\u00e9 \u00e0 cette chapelle disparue. C\u2019est une croix a \u00e9t\u00e9 b\u00e9nite le 27 juillet 1862 \u00e0 l\u2019initiative du recteur Poupon. Elle est \u00e0 trois degr\u00e9s avec un soubassement \u00e9lev\u00e9, une niche qui accueillait une statue de Saint Jean. Le socle est en talon, et une petite plaque d\u2019ardoise y est encastr\u00e9e avec l\u2019inscription&nbsp;: CROAS S YAN 1860 JH MIE DUPONT RR PLOGONNEC. Le f\u00fbt est de section octogonale et va en se r\u00e9tr\u00e9cissant vers le haut pour supporter une croix elle-m\u00eame de section octogonale charg\u00e9e d\u2019un Christ de bronze dor\u00e9 aujourd\u2019hui patin\u00e9.<\/p>\n\n\n\n<p><strong>La fontaine<\/strong><\/p>\n\n\n\n<p>La fontaine de l\u2019ancienne chapelle Saint Jean de Lan Ty Belec se trouve en contrebas de la route d\u00e9partementale n\u00b0 63 Quimper &#8211; Crozon, dans une parcelle de terre o\u00f9 d\u00e9bouchent d\u2019une part le tunnel fluvial du XIX<sup>e<\/sup> si\u00e8cle du ruisseau de Stang er Raz et un tunnel terrestre de la fin du XX<sup>e<\/sup> si\u00e8cle pour le passage du b\u00e9tail. Le monument de la fontaine est tr\u00e8s simple et \u00e9trange. L\u2019avant de la cuve de profil rectangulaire qui apparait en plein air fait en son int\u00e9rieur 50 cm de large, 42 cm de long sur environ 26 cm de haut. La partie ext\u00e9rieure comprend une pierre basse au sommet arrondis encadr\u00e9 par deux pierres lat\u00e9rales d\u2019environ 12 cm de haut. La cuve fait 40 cm de profondeur et s\u2019enfonce sur 120 cm de profondeur dans le d\u00e9nivel\u00e9 en surplomb.<\/p>\n\n\n\n<figure class=\"wp-block-gallery has-nested-images columns-default is-cropped wp-block-gallery-1 is-layout-flex wp-block-gallery-is-layout-flex\">\n<figure class=\"wp-block-image size-large\"><a href=\"http:\/\/passeurspatrimoineplogonnec.fr\/wp-content\/uploads\/2023\/02\/fontaine_landibilic-scaled.jpg\" target=\"_blank\" rel=\"noreferrer noopener\"><img loading=\"lazy\" decoding=\"async\" width=\"1024\" height=\"1024\" data-id=\"2225\" src=\"http:\/\/passeurspatrimoineplogonnec.fr\/wp-content\/uploads\/2023\/02\/fontaine_landibilic-1024x1024.jpg\" alt=\"\" class=\"wp-image-2225\" srcset=\"https:\/\/passeurspatrimoineplogonnec.fr\/wp-content\/uploads\/2023\/02\/fontaine_landibilic-1024x1024.jpg 1024w, https:\/\/passeurspatrimoineplogonnec.fr\/wp-content\/uploads\/2023\/02\/fontaine_landibilic-300x300.jpg 300w, https:\/\/passeurspatrimoineplogonnec.fr\/wp-content\/uploads\/2023\/02\/fontaine_landibilic-150x150.jpg 150w, https:\/\/passeurspatrimoineplogonnec.fr\/wp-content\/uploads\/2023\/02\/fontaine_landibilic-768x768.jpg 768w, https:\/\/passeurspatrimoineplogonnec.fr\/wp-content\/uploads\/2023\/02\/fontaine_landibilic-1536x1536.jpg 1536w, https:\/\/passeurspatrimoineplogonnec.fr\/wp-content\/uploads\/2023\/02\/fontaine_landibilic-2048x2048.jpg 2048w\" sizes=\"auto, (max-width: 1024px) 100vw, 1024px\" \/><\/a><\/figure>\n\n\n\n<figure class=\"wp-block-image size-large\"><a href=\"http:\/\/passeurspatrimoineplogonnec.fr\/wp-content\/uploads\/2023\/02\/fontaine_landibilic_vue_generale-scaled.jpg\" target=\"_blank\" rel=\"noreferrer noopener\"><img loading=\"lazy\" decoding=\"async\" width=\"1024\" height=\"1024\" data-id=\"2226\" src=\"http:\/\/passeurspatrimoineplogonnec.fr\/wp-content\/uploads\/2023\/02\/fontaine_landibilic_vue_generale-1024x1024.jpg\" alt=\"\" class=\"wp-image-2226\" srcset=\"https:\/\/passeurspatrimoineplogonnec.fr\/wp-content\/uploads\/2023\/02\/fontaine_landibilic_vue_generale-1024x1024.jpg 1024w, https:\/\/passeurspatrimoineplogonnec.fr\/wp-content\/uploads\/2023\/02\/fontaine_landibilic_vue_generale-300x300.jpg 300w, https:\/\/passeurspatrimoineplogonnec.fr\/wp-content\/uploads\/2023\/02\/fontaine_landibilic_vue_generale-150x150.jpg 150w, https:\/\/passeurspatrimoineplogonnec.fr\/wp-content\/uploads\/2023\/02\/fontaine_landibilic_vue_generale-768x768.jpg 768w, https:\/\/passeurspatrimoineplogonnec.fr\/wp-content\/uploads\/2023\/02\/fontaine_landibilic_vue_generale-1536x1536.jpg 1536w, https:\/\/passeurspatrimoineplogonnec.fr\/wp-content\/uploads\/2023\/02\/fontaine_landibilic_vue_generale-2048x2048.jpg 2048w\" sizes=\"auto, (max-width: 1024px) 100vw, 1024px\" \/><\/a><\/figure>\n<\/figure>\n\n\n\n<figure class=\"wp-block-image size-large\"><a href=\"http:\/\/passeurspatrimoineplogonnec.fr\/wp-content\/uploads\/2023\/02\/fontaine-Landibilic-note.jpg\" target=\"_blank\" rel=\"noreferrer noopener\"><img loading=\"lazy\" decoding=\"async\" width=\"1024\" height=\"487\" src=\"http:\/\/passeurspatrimoineplogonnec.fr\/wp-content\/uploads\/2023\/02\/fontaine-Landibilic-note-1024x487.jpg\" alt=\"\" class=\"wp-image-2232\" srcset=\"https:\/\/passeurspatrimoineplogonnec.fr\/wp-content\/uploads\/2023\/02\/fontaine-Landibilic-note-1024x487.jpg 1024w, https:\/\/passeurspatrimoineplogonnec.fr\/wp-content\/uploads\/2023\/02\/fontaine-Landibilic-note-300x143.jpg 300w, https:\/\/passeurspatrimoineplogonnec.fr\/wp-content\/uploads\/2023\/02\/fontaine-Landibilic-note-768x365.jpg 768w, https:\/\/passeurspatrimoineplogonnec.fr\/wp-content\/uploads\/2023\/02\/fontaine-Landibilic-note-1536x731.jpg 1536w, https:\/\/passeurspatrimoineplogonnec.fr\/wp-content\/uploads\/2023\/02\/fontaine-Landibilic-note.jpg 1873w\" sizes=\"auto, (max-width: 1024px) 100vw, 1024px\" \/><\/a><\/figure>\n\n\n\n<p><strong>Le tunnel fluvial du Stang ar Raz<\/strong><\/p>\n\n\n\n<figure class=\"wp-block-gallery has-nested-images columns-default is-cropped wp-block-gallery-2 is-layout-flex wp-block-gallery-is-layout-flex\">\n<figure class=\"wp-block-image size-large\"><a href=\"http:\/\/passeurspatrimoineplogonnec.fr\/wp-content\/uploads\/2023\/02\/entree_ouvrage-1-scaled.jpg\" target=\"_blank\" rel=\"noreferrer noopener\"><img loading=\"lazy\" decoding=\"async\" width=\"1024\" height=\"1024\" data-id=\"2233\" src=\"http:\/\/passeurspatrimoineplogonnec.fr\/wp-content\/uploads\/2023\/02\/entree_ouvrage-1-1024x1024.jpg\" alt=\"\" class=\"wp-image-2233\" srcset=\"https:\/\/passeurspatrimoineplogonnec.fr\/wp-content\/uploads\/2023\/02\/entree_ouvrage-1-1024x1024.jpg 1024w, https:\/\/passeurspatrimoineplogonnec.fr\/wp-content\/uploads\/2023\/02\/entree_ouvrage-1-300x300.jpg 300w, https:\/\/passeurspatrimoineplogonnec.fr\/wp-content\/uploads\/2023\/02\/entree_ouvrage-1-150x150.jpg 150w, https:\/\/passeurspatrimoineplogonnec.fr\/wp-content\/uploads\/2023\/02\/entree_ouvrage-1-768x768.jpg 768w, https:\/\/passeurspatrimoineplogonnec.fr\/wp-content\/uploads\/2023\/02\/entree_ouvrage-1-1536x1536.jpg 1536w, https:\/\/passeurspatrimoineplogonnec.fr\/wp-content\/uploads\/2023\/02\/entree_ouvrage-1-2048x2048.jpg 2048w\" sizes=\"auto, (max-width: 1024px) 100vw, 1024px\" \/><\/a><\/figure>\n\n\n\n<figure class=\"wp-block-image size-large\"><a href=\"http:\/\/passeurspatrimoineplogonnec.fr\/wp-content\/uploads\/2023\/02\/entree_ouvrage-2-scaled.jpg\" target=\"_blank\" rel=\"noreferrer noopener\"><img loading=\"lazy\" decoding=\"async\" width=\"1024\" height=\"1024\" data-id=\"2234\" src=\"http:\/\/passeurspatrimoineplogonnec.fr\/wp-content\/uploads\/2023\/02\/entree_ouvrage-2-1024x1024.jpg\" alt=\"\" class=\"wp-image-2234\" srcset=\"https:\/\/passeurspatrimoineplogonnec.fr\/wp-content\/uploads\/2023\/02\/entree_ouvrage-2-1024x1024.jpg 1024w, https:\/\/passeurspatrimoineplogonnec.fr\/wp-content\/uploads\/2023\/02\/entree_ouvrage-2-300x300.jpg 300w, https:\/\/passeurspatrimoineplogonnec.fr\/wp-content\/uploads\/2023\/02\/entree_ouvrage-2-150x150.jpg 150w, https:\/\/passeurspatrimoineplogonnec.fr\/wp-content\/uploads\/2023\/02\/entree_ouvrage-2-768x768.jpg 768w, https:\/\/passeurspatrimoineplogonnec.fr\/wp-content\/uploads\/2023\/02\/entree_ouvrage-2-1536x1536.jpg 1536w, https:\/\/passeurspatrimoineplogonnec.fr\/wp-content\/uploads\/2023\/02\/entree_ouvrage-2-2048x2048.jpg 2048w\" sizes=\"auto, (max-width: 1024px) 100vw, 1024px\" \/><\/a><\/figure>\n\n\n\n<figure class=\"wp-block-image size-large\"><a href=\"http:\/\/passeurspatrimoineplogonnec.fr\/wp-content\/uploads\/2023\/02\/sortie_ouvrage-scaled.jpg\" target=\"_blank\" rel=\"noreferrer noopener\"><img loading=\"lazy\" decoding=\"async\" width=\"1024\" height=\"1024\" data-id=\"2235\" src=\"http:\/\/passeurspatrimoineplogonnec.fr\/wp-content\/uploads\/2023\/02\/sortie_ouvrage-1024x1024.jpg\" alt=\"\" class=\"wp-image-2235\" srcset=\"https:\/\/passeurspatrimoineplogonnec.fr\/wp-content\/uploads\/2023\/02\/sortie_ouvrage-1024x1024.jpg 1024w, https:\/\/passeurspatrimoineplogonnec.fr\/wp-content\/uploads\/2023\/02\/sortie_ouvrage-300x300.jpg 300w, https:\/\/passeurspatrimoineplogonnec.fr\/wp-content\/uploads\/2023\/02\/sortie_ouvrage-150x150.jpg 150w, https:\/\/passeurspatrimoineplogonnec.fr\/wp-content\/uploads\/2023\/02\/sortie_ouvrage-768x768.jpg 768w, https:\/\/passeurspatrimoineplogonnec.fr\/wp-content\/uploads\/2023\/02\/sortie_ouvrage-1536x1536.jpg 1536w, https:\/\/passeurspatrimoineplogonnec.fr\/wp-content\/uploads\/2023\/02\/sortie_ouvrage-2048x2048.jpg 2048w\" sizes=\"auto, (max-width: 1024px) 100vw, 1024px\" \/><\/a><\/figure>\n<\/figure>\n\n\n\n<p><\/p>\n\n\n\n<p><strong>Andr\u00e9 Bozec<\/strong><\/p>\n","protected":false},"excerpt":{"rendered":"<p>La chapelle Il a exist\u00e9 une chapelle de Saint Jean situ\u00e9 en la ferme de Landibilic au bord de la route de Plogonnec \u00e0 Locronan. Elle n\u2019\u00e9tait sans doute pas du ressort paroissial mais possiblement de hospitaliers de Saint Jean &hellip; <a href=\"https:\/\/passeurspatrimoineplogonnec.fr\/?page_id=1691\">Continuer la lecture <span class=\"meta-nav\">&rarr;<\/span><\/a><\/p>\n","protected":false},"author":1,"featured_media":0,"parent":0,"menu_order":0,"comment_status":"closed","ping_status":"closed","template":"","meta":{"footnotes":""},"class_list":["post-1691","page","type-page","status-publish","hentry"],"yoast_head":"<!-- This site is optimized with the Yoast SEO plugin v27.4 - https:\/\/yoast.com\/product\/yoast-seo-wordpress\/ -->\n<title>Saint Jean de Landibilic (disparue) - Passeurs de Patrimoine de Plogonnec<\/title>\n<meta name=\"robots\" content=\"index, follow, max-snippet:-1, max-image-preview:large, max-video-preview:-1\" \/>\n<link rel=\"canonical\" href=\"https:\/\/passeurspatrimoineplogonnec.fr\/?page_id=1691\" \/>\n<meta property=\"og:locale\" content=\"fr_FR\" \/>\n<meta property=\"og:type\" content=\"article\" \/>\n<meta property=\"og:title\" content=\"Saint Jean de Landibilic (disparue) - Passeurs de Patrimoine de Plogonnec\" \/>\n<meta property=\"og:description\" content=\"La chapelle Il a exist\u00e9 une chapelle de Saint Jean situ\u00e9 en la ferme de Landibilic au bord de la route de Plogonnec \u00e0 Locronan. Elle n\u2019\u00e9tait sans doute pas du ressort paroissial mais possiblement de hospitaliers de Saint Jean &hellip; Continuer la lecture &rarr;\" \/>\n<meta property=\"og:url\" content=\"https:\/\/passeurspatrimoineplogonnec.fr\/?page_id=1691\" \/>\n<meta property=\"og:site_name\" content=\"Passeurs de Patrimoine de Plogonnec\" \/>\n<meta property=\"article:modified_time\" content=\"2023-11-12T11:49:52+00:00\" \/>\n<meta property=\"og:image\" content=\"http:\/\/passeurspatrimoineplogonnec.fr\/wp-content\/uploads\/2023\/02\/fontaine_landibilic-1024x1024.jpg\" \/>\n<meta name=\"twitter:card\" content=\"summary_large_image\" \/>\n<meta name=\"twitter:label1\" content=\"Dur\u00e9e de lecture estim\u00e9e\" \/>\n\t<meta name=\"twitter:data1\" content=\"4 minutes\" \/>\n<script type=\"application\/ld+json\" class=\"yoast-schema-graph\">{\"@context\":\"https:\\\/\\\/schema.org\",\"@graph\":[{\"@type\":\"WebPage\",\"@id\":\"https:\\\/\\\/passeurspatrimoineplogonnec.fr\\\/?page_id=1691\",\"url\":\"https:\\\/\\\/passeurspatrimoineplogonnec.fr\\\/?page_id=1691\",\"name\":\"Saint Jean de Landibilic (disparue) - Passeurs de Patrimoine de Plogonnec\",\"isPartOf\":{\"@id\":\"https:\\\/\\\/passeurspatrimoineplogonnec.fr\\\/#website\"},\"primaryImageOfPage\":{\"@id\":\"https:\\\/\\\/passeurspatrimoineplogonnec.fr\\\/?page_id=1691#primaryimage\"},\"image\":{\"@id\":\"https:\\\/\\\/passeurspatrimoineplogonnec.fr\\\/?page_id=1691#primaryimage\"},\"thumbnailUrl\":\"http:\\\/\\\/passeurspatrimoineplogonnec.fr\\\/wp-content\\\/uploads\\\/2023\\\/02\\\/fontaine_landibilic-1024x1024.jpg\",\"datePublished\":\"2022-07-04T09:40:42+00:00\",\"dateModified\":\"2023-11-12T11:49:52+00:00\",\"breadcrumb\":{\"@id\":\"https:\\\/\\\/passeurspatrimoineplogonnec.fr\\\/?page_id=1691#breadcrumb\"},\"inLanguage\":\"fr-FR\",\"potentialAction\":[{\"@type\":\"ReadAction\",\"target\":[\"https:\\\/\\\/passeurspatrimoineplogonnec.fr\\\/?page_id=1691\"]}]},{\"@type\":\"ImageObject\",\"inLanguage\":\"fr-FR\",\"@id\":\"https:\\\/\\\/passeurspatrimoineplogonnec.fr\\\/?page_id=1691#primaryimage\",\"url\":\"https:\\\/\\\/passeurspatrimoineplogonnec.fr\\\/wp-content\\\/uploads\\\/2023\\\/02\\\/fontaine_landibilic-scaled.jpg\",\"contentUrl\":\"https:\\\/\\\/passeurspatrimoineplogonnec.fr\\\/wp-content\\\/uploads\\\/2023\\\/02\\\/fontaine_landibilic-scaled.jpg\",\"width\":2560,\"height\":2560},{\"@type\":\"BreadcrumbList\",\"@id\":\"https:\\\/\\\/passeurspatrimoineplogonnec.fr\\\/?page_id=1691#breadcrumb\",\"itemListElement\":[{\"@type\":\"ListItem\",\"position\":1,\"name\":\"Accueil\",\"item\":\"https:\\\/\\\/passeurspatrimoineplogonnec.fr\\\/\"},{\"@type\":\"ListItem\",\"position\":2,\"name\":\"Saint Jean de Landibilic (disparue)\"}]},{\"@type\":\"WebSite\",\"@id\":\"https:\\\/\\\/passeurspatrimoineplogonnec.fr\\\/#website\",\"url\":\"https:\\\/\\\/passeurspatrimoineplogonnec.fr\\\/\",\"name\":\"Passeurs de Patrimoine de Plogonnec\",\"description\":\"\",\"potentialAction\":[{\"@type\":\"SearchAction\",\"target\":{\"@type\":\"EntryPoint\",\"urlTemplate\":\"https:\\\/\\\/passeurspatrimoineplogonnec.fr\\\/?s={search_term_string}\"},\"query-input\":{\"@type\":\"PropertyValueSpecification\",\"valueRequired\":true,\"valueName\":\"search_term_string\"}}],\"inLanguage\":\"fr-FR\"}]}<\/script>\n<!-- \/ Yoast SEO plugin. -->","yoast_head_json":{"title":"Saint Jean de Landibilic (disparue) - Passeurs de Patrimoine de Plogonnec","robots":{"index":"index","follow":"follow","max-snippet":"max-snippet:-1","max-image-preview":"max-image-preview:large","max-video-preview":"max-video-preview:-1"},"canonical":"https:\/\/passeurspatrimoineplogonnec.fr\/?page_id=1691","og_locale":"fr_FR","og_type":"article","og_title":"Saint Jean de Landibilic (disparue) - Passeurs de Patrimoine de Plogonnec","og_description":"La chapelle Il a exist\u00e9 une chapelle de Saint Jean situ\u00e9 en la ferme de Landibilic au bord de la route de Plogonnec \u00e0 Locronan. Elle n\u2019\u00e9tait sans doute pas du ressort paroissial mais possiblement de hospitaliers de Saint Jean &hellip; Continuer la lecture &rarr;","og_url":"https:\/\/passeurspatrimoineplogonnec.fr\/?page_id=1691","og_site_name":"Passeurs de Patrimoine de Plogonnec","article_modified_time":"2023-11-12T11:49:52+00:00","og_image":[{"url":"http:\/\/passeurspatrimoineplogonnec.fr\/wp-content\/uploads\/2023\/02\/fontaine_landibilic-1024x1024.jpg","type":"","width":"","height":""}],"twitter_card":"summary_large_image","twitter_misc":{"Dur\u00e9e de lecture estim\u00e9e":"4 minutes"},"schema":{"@context":"https:\/\/schema.org","@graph":[{"@type":"WebPage","@id":"https:\/\/passeurspatrimoineplogonnec.fr\/?page_id=1691","url":"https:\/\/passeurspatrimoineplogonnec.fr\/?page_id=1691","name":"Saint Jean de Landibilic (disparue) - Passeurs de Patrimoine de Plogonnec","isPartOf":{"@id":"https:\/\/passeurspatrimoineplogonnec.fr\/#website"},"primaryImageOfPage":{"@id":"https:\/\/passeurspatrimoineplogonnec.fr\/?page_id=1691#primaryimage"},"image":{"@id":"https:\/\/passeurspatrimoineplogonnec.fr\/?page_id=1691#primaryimage"},"thumbnailUrl":"http:\/\/passeurspatrimoineplogonnec.fr\/wp-content\/uploads\/2023\/02\/fontaine_landibilic-1024x1024.jpg","datePublished":"2022-07-04T09:40:42+00:00","dateModified":"2023-11-12T11:49:52+00:00","breadcrumb":{"@id":"https:\/\/passeurspatrimoineplogonnec.fr\/?page_id=1691#breadcrumb"},"inLanguage":"fr-FR","potentialAction":[{"@type":"ReadAction","target":["https:\/\/passeurspatrimoineplogonnec.fr\/?page_id=1691"]}]},{"@type":"ImageObject","inLanguage":"fr-FR","@id":"https:\/\/passeurspatrimoineplogonnec.fr\/?page_id=1691#primaryimage","url":"https:\/\/passeurspatrimoineplogonnec.fr\/wp-content\/uploads\/2023\/02\/fontaine_landibilic-scaled.jpg","contentUrl":"https:\/\/passeurspatrimoineplogonnec.fr\/wp-content\/uploads\/2023\/02\/fontaine_landibilic-scaled.jpg","width":2560,"height":2560},{"@type":"BreadcrumbList","@id":"https:\/\/passeurspatrimoineplogonnec.fr\/?page_id=1691#breadcrumb","itemListElement":[{"@type":"ListItem","position":1,"name":"Accueil","item":"https:\/\/passeurspatrimoineplogonnec.fr\/"},{"@type":"ListItem","position":2,"name":"Saint Jean de Landibilic (disparue)"}]},{"@type":"WebSite","@id":"https:\/\/passeurspatrimoineplogonnec.fr\/#website","url":"https:\/\/passeurspatrimoineplogonnec.fr\/","name":"Passeurs de Patrimoine de Plogonnec","description":"","potentialAction":[{"@type":"SearchAction","target":{"@type":"EntryPoint","urlTemplate":"https:\/\/passeurspatrimoineplogonnec.fr\/?s={search_term_string}"},"query-input":{"@type":"PropertyValueSpecification","valueRequired":true,"valueName":"search_term_string"}}],"inLanguage":"fr-FR"}]}},"_links":{"self":[{"href":"https:\/\/passeurspatrimoineplogonnec.fr\/index.php?rest_route=\/wp\/v2\/pages\/1691","targetHints":{"allow":["GET"]}}],"collection":[{"href":"https:\/\/passeurspatrimoineplogonnec.fr\/index.php?rest_route=\/wp\/v2\/pages"}],"about":[{"href":"https:\/\/passeurspatrimoineplogonnec.fr\/index.php?rest_route=\/wp\/v2\/types\/page"}],"author":[{"embeddable":true,"href":"https:\/\/passeurspatrimoineplogonnec.fr\/index.php?rest_route=\/wp\/v2\/users\/1"}],"replies":[{"embeddable":true,"href":"https:\/\/passeurspatrimoineplogonnec.fr\/index.php?rest_route=%2Fwp%2Fv2%2Fcomments&post=1691"}],"version-history":[{"count":13,"href":"https:\/\/passeurspatrimoineplogonnec.fr\/index.php?rest_route=\/wp\/v2\/pages\/1691\/revisions"}],"predecessor-version":[{"id":2240,"href":"https:\/\/passeurspatrimoineplogonnec.fr\/index.php?rest_route=\/wp\/v2\/pages\/1691\/revisions\/2240"}],"wp:attachment":[{"href":"https:\/\/passeurspatrimoineplogonnec.fr\/index.php?rest_route=%2Fwp%2Fv2%2Fmedia&parent=1691"}],"curies":[{"name":"wp","href":"https:\/\/api.w.org\/{rel}","templated":true}]}}