{"id":2702,"date":"2023-04-11T15:13:44","date_gmt":"2023-04-11T13:13:44","guid":{"rendered":"http:\/\/passeurspatrimoineplogonnec.fr\/?page_id=2702"},"modified":"2023-11-12T13:51:30","modified_gmt":"2023-11-12T12:51:30","slug":"zoom-sur-un-passeur","status":"publish","type":"page","link":"https:\/\/passeurspatrimoineplogonnec.fr\/?page_id=2702","title":{"rendered":"Zoom sur un passeur"},"content":{"rendered":"\n<figure class=\"wp-block-image size-full\"><a href=\"http:\/\/passeurspatrimoineplogonnec.fr\/wp-content\/uploads\/2023\/04\/fallait-bien-l-inviter-jean-luc-begoc-en-tete-du-semi-marath_7351815_1000x526.jpg\" target=\"_blank\" rel=\"noreferrer noopener\"><img loading=\"lazy\" decoding=\"async\" width=\"1000\" height=\"526\" src=\"http:\/\/passeurspatrimoineplogonnec.fr\/wp-content\/uploads\/2023\/04\/fallait-bien-l-inviter-jean-luc-begoc-en-tete-du-semi-marath_7351815_1000x526.jpg\" alt=\"\" class=\"wp-image-2705\" srcset=\"https:\/\/passeurspatrimoineplogonnec.fr\/wp-content\/uploads\/2023\/04\/fallait-bien-l-inviter-jean-luc-begoc-en-tete-du-semi-marath_7351815_1000x526.jpg 1000w, https:\/\/passeurspatrimoineplogonnec.fr\/wp-content\/uploads\/2023\/04\/fallait-bien-l-inviter-jean-luc-begoc-en-tete-du-semi-marath_7351815_1000x526-300x158.jpg 300w, https:\/\/passeurspatrimoineplogonnec.fr\/wp-content\/uploads\/2023\/04\/fallait-bien-l-inviter-jean-luc-begoc-en-tete-du-semi-marath_7351815_1000x526-768x404.jpg 768w\" sizes=\"auto, (max-width: 1000px) 100vw, 1000px\" \/><\/a><\/figure>\n\n\n\n<p>Jean-luc B\u00e9goc, un passeur qui se consacre aux travaux est \u00e9galement le pr\u00e9sident des 10 km le Croezou-Quimper et du semi-marathon Locronan-Quimper.<\/p>\n\n\n\n<p>Ces courses qui regroupent plus de 2000 coureurs s&rsquo;est d\u00e9roul\u00e9e le 19 mars 2023.<\/p>\n\n\n\n<p>Il est interwiew\u00e9 par le quotidien \u00ab\u00a0le T\u00e9l\u00e9gramme\u00a0\u00bb le 17 mars 2023 :<\/p>\n\n\n\n<p><a href=\"https:\/\/www.letelegramme.fr\/dossiers\/fallait-bien-linviter-le-rendez-vous-video\/fallait-bien-l-inviter-jean-luc-begoc-en-tete-du-semi-marathon-locronan-quimper-video-17-03-2023-13299012.php\" target=\"_blank\" rel=\"noreferrer noopener\">https:\/\/www.letelegramme.fr\/dossiers\/fallait-bien-linviter-le-rendez-vous-video\/fallait-bien-l-inviter-jean-luc-begoc-en-tete-du-semi-marathon-locronan-quimper-video-17-03-2023-13299012.php<\/a><\/p>\n\n\n\n<p><\/p>\n","protected":false},"excerpt":{"rendered":"<p>Jean-luc B\u00e9goc, un passeur qui se consacre aux travaux est \u00e9galement le pr\u00e9sident des 10 km le Croezou-Quimper et du semi-marathon Locronan-Quimper. Ces courses qui regroupent plus de 2000 coureurs s&rsquo;est d\u00e9roul\u00e9e le 19 mars 2023. Il est interwiew\u00e9 par &hellip; <a href=\"https:\/\/passeurspatrimoineplogonnec.fr\/?page_id=2702\">Continuer la lecture <span class=\"meta-nav\">&rarr;<\/span><\/a><\/p>\n","protected":false},"author":1,"featured_media":0,"parent":0,"menu_order":0,"comment_status":"closed","ping_status":"closed","template":"","meta":{"footnotes":""},"class_list":["post-2702","page","type-page","status-publish","hentry"],"yoast_head":"<!-- This site is optimized with the Yoast SEO plugin v27.4 - https:\/\/yoast.com\/product\/yoast-seo-wordpress\/ -->\n<title>Zoom sur un passeur - Passeurs de Patrimoine de Plogonnec<\/title>\n<meta name=\"robots\" content=\"index, follow, max-snippet:-1, max-image-preview:large, max-video-preview:-1\" \/>\n<link rel=\"canonical\" href=\"https:\/\/passeurspatrimoineplogonnec.fr\/?page_id=2702\" \/>\n<meta property=\"og:locale\" content=\"fr_FR\" \/>\n<meta property=\"og:type\" content=\"article\" \/>\n<meta property=\"og:title\" content=\"Zoom sur un passeur - Passeurs de Patrimoine de Plogonnec\" \/>\n<meta property=\"og:description\" content=\"Jean-luc B\u00e9goc, un passeur qui se consacre aux travaux est \u00e9galement le pr\u00e9sident des 10 km le Croezou-Quimper et du semi-marathon Locronan-Quimper. Ces courses qui regroupent plus de 2000 coureurs s&rsquo;est d\u00e9roul\u00e9e le 19 mars 2023. Il est interwiew\u00e9 par &hellip; Continuer la lecture &rarr;\" \/>\n<meta property=\"og:url\" content=\"https:\/\/passeurspatrimoineplogonnec.fr\/?page_id=2702\" \/>\n<meta property=\"og:site_name\" content=\"Passeurs de Patrimoine de Plogonnec\" \/>\n<meta property=\"article:modified_time\" content=\"2023-11-12T12:51:30+00:00\" \/>\n<meta property=\"og:image\" content=\"http:\/\/passeurspatrimoineplogonnec.fr\/wp-content\/uploads\/2023\/04\/fallait-bien-l-inviter-jean-luc-begoc-en-tete-du-semi-marath_7351815_1000x526.jpg\" \/>\n<meta name=\"twitter:card\" content=\"summary_large_image\" \/>\n<meta name=\"twitter:label1\" content=\"Dur\u00e9e de lecture estim\u00e9e\" \/>\n\t<meta name=\"twitter:data1\" content=\"1 minute\" \/>\n<script type=\"application\/ld+json\" class=\"yoast-schema-graph\">{\"@context\":\"https:\\\/\\\/schema.org\",\"@graph\":[{\"@type\":\"WebPage\",\"@id\":\"https:\\\/\\\/passeurspatrimoineplogonnec.fr\\\/?page_id=2702\",\"url\":\"https:\\\/\\\/passeurspatrimoineplogonnec.fr\\\/?page_id=2702\",\"name\":\"Zoom sur un passeur - Passeurs de Patrimoine de Plogonnec\",\"isPartOf\":{\"@id\":\"https:\\\/\\\/passeurspatrimoineplogonnec.fr\\\/#website\"},\"primaryImageOfPage\":{\"@id\":\"https:\\\/\\\/passeurspatrimoineplogonnec.fr\\\/?page_id=2702#primaryimage\"},\"image\":{\"@id\":\"https:\\\/\\\/passeurspatrimoineplogonnec.fr\\\/?page_id=2702#primaryimage\"},\"thumbnailUrl\":\"http:\\\/\\\/passeurspatrimoineplogonnec.fr\\\/wp-content\\\/uploads\\\/2023\\\/04\\\/fallait-bien-l-inviter-jean-luc-begoc-en-tete-du-semi-marath_7351815_1000x526.jpg\",\"datePublished\":\"2023-04-11T13:13:44+00:00\",\"dateModified\":\"2023-11-12T12:51:30+00:00\",\"breadcrumb\":{\"@id\":\"https:\\\/\\\/passeurspatrimoineplogonnec.fr\\\/?page_id=2702#breadcrumb\"},\"inLanguage\":\"fr-FR\",\"potentialAction\":[{\"@type\":\"ReadAction\",\"target\":[\"https:\\\/\\\/passeurspatrimoineplogonnec.fr\\\/?page_id=2702\"]}]},{\"@type\":\"ImageObject\",\"inLanguage\":\"fr-FR\",\"@id\":\"https:\\\/\\\/passeurspatrimoineplogonnec.fr\\\/?page_id=2702#primaryimage\",\"url\":\"https:\\\/\\\/passeurspatrimoineplogonnec.fr\\\/wp-content\\\/uploads\\\/2023\\\/04\\\/fallait-bien-l-inviter-jean-luc-begoc-en-tete-du-semi-marath_7351815_1000x526.jpg\",\"contentUrl\":\"https:\\\/\\\/passeurspatrimoineplogonnec.fr\\\/wp-content\\\/uploads\\\/2023\\\/04\\\/fallait-bien-l-inviter-jean-luc-begoc-en-tete-du-semi-marath_7351815_1000x526.jpg\",\"width\":1000,\"height\":526},{\"@type\":\"BreadcrumbList\",\"@id\":\"https:\\\/\\\/passeurspatrimoineplogonnec.fr\\\/?page_id=2702#breadcrumb\",\"itemListElement\":[{\"@type\":\"ListItem\",\"position\":1,\"name\":\"Accueil\",\"item\":\"https:\\\/\\\/passeurspatrimoineplogonnec.fr\\\/\"},{\"@type\":\"ListItem\",\"position\":2,\"name\":\"Zoom sur un passeur\"}]},{\"@type\":\"WebSite\",\"@id\":\"https:\\\/\\\/passeurspatrimoineplogonnec.fr\\\/#website\",\"url\":\"https:\\\/\\\/passeurspatrimoineplogonnec.fr\\\/\",\"name\":\"Passeurs de Patrimoine de Plogonnec\",\"description\":\"\",\"potentialAction\":[{\"@type\":\"SearchAction\",\"target\":{\"@type\":\"EntryPoint\",\"urlTemplate\":\"https:\\\/\\\/passeurspatrimoineplogonnec.fr\\\/?s={search_term_string}\"},\"query-input\":{\"@type\":\"PropertyValueSpecification\",\"valueRequired\":true,\"valueName\":\"search_term_string\"}}],\"inLanguage\":\"fr-FR\"}]}<\/script>\n<!-- \/ Yoast SEO plugin. -->","yoast_head_json":{"title":"Zoom sur un passeur - Passeurs de Patrimoine de Plogonnec","robots":{"index":"index","follow":"follow","max-snippet":"max-snippet:-1","max-image-preview":"max-image-preview:large","max-video-preview":"max-video-preview:-1"},"canonical":"https:\/\/passeurspatrimoineplogonnec.fr\/?page_id=2702","og_locale":"fr_FR","og_type":"article","og_title":"Zoom sur un passeur - Passeurs de Patrimoine de Plogonnec","og_description":"Jean-luc B\u00e9goc, un passeur qui se consacre aux travaux est \u00e9galement le pr\u00e9sident des 10 km le Croezou-Quimper et du semi-marathon Locronan-Quimper. Ces courses qui regroupent plus de 2000 coureurs s&rsquo;est d\u00e9roul\u00e9e le 19 mars 2023. Il est interwiew\u00e9 par &hellip; Continuer la lecture &rarr;","og_url":"https:\/\/passeurspatrimoineplogonnec.fr\/?page_id=2702","og_site_name":"Passeurs de Patrimoine de Plogonnec","article_modified_time":"2023-11-12T12:51:30+00:00","og_image":[{"url":"http:\/\/passeurspatrimoineplogonnec.fr\/wp-content\/uploads\/2023\/04\/fallait-bien-l-inviter-jean-luc-begoc-en-tete-du-semi-marath_7351815_1000x526.jpg","type":"","width":"","height":""}],"twitter_card":"summary_large_image","twitter_misc":{"Dur\u00e9e de lecture estim\u00e9e":"1 minute"},"schema":{"@context":"https:\/\/schema.org","@graph":[{"@type":"WebPage","@id":"https:\/\/passeurspatrimoineplogonnec.fr\/?page_id=2702","url":"https:\/\/passeurspatrimoineplogonnec.fr\/?page_id=2702","name":"Zoom sur un passeur - Passeurs de Patrimoine de Plogonnec","isPartOf":{"@id":"https:\/\/passeurspatrimoineplogonnec.fr\/#website"},"primaryImageOfPage":{"@id":"https:\/\/passeurspatrimoineplogonnec.fr\/?page_id=2702#primaryimage"},"image":{"@id":"https:\/\/passeurspatrimoineplogonnec.fr\/?page_id=2702#primaryimage"},"thumbnailUrl":"http:\/\/passeurspatrimoineplogonnec.fr\/wp-content\/uploads\/2023\/04\/fallait-bien-l-inviter-jean-luc-begoc-en-tete-du-semi-marath_7351815_1000x526.jpg","datePublished":"2023-04-11T13:13:44+00:00","dateModified":"2023-11-12T12:51:30+00:00","breadcrumb":{"@id":"https:\/\/passeurspatrimoineplogonnec.fr\/?page_id=2702#breadcrumb"},"inLanguage":"fr-FR","potentialAction":[{"@type":"ReadAction","target":["https:\/\/passeurspatrimoineplogonnec.fr\/?page_id=2702"]}]},{"@type":"ImageObject","inLanguage":"fr-FR","@id":"https:\/\/passeurspatrimoineplogonnec.fr\/?page_id=2702#primaryimage","url":"https:\/\/passeurspatrimoineplogonnec.fr\/wp-content\/uploads\/2023\/04\/fallait-bien-l-inviter-jean-luc-begoc-en-tete-du-semi-marath_7351815_1000x526.jpg","contentUrl":"https:\/\/passeurspatrimoineplogonnec.fr\/wp-content\/uploads\/2023\/04\/fallait-bien-l-inviter-jean-luc-begoc-en-tete-du-semi-marath_7351815_1000x526.jpg","width":1000,"height":526},{"@type":"BreadcrumbList","@id":"https:\/\/passeurspatrimoineplogonnec.fr\/?page_id=2702#breadcrumb","itemListElement":[{"@type":"ListItem","position":1,"name":"Accueil","item":"https:\/\/passeurspatrimoineplogonnec.fr\/"},{"@type":"ListItem","position":2,"name":"Zoom sur un passeur"}]},{"@type":"WebSite","@id":"https:\/\/passeurspatrimoineplogonnec.fr\/#website","url":"https:\/\/passeurspatrimoineplogonnec.fr\/","name":"Passeurs de Patrimoine de Plogonnec","description":"","potentialAction":[{"@type":"SearchAction","target":{"@type":"EntryPoint","urlTemplate":"https:\/\/passeurspatrimoineplogonnec.fr\/?s={search_term_string}"},"query-input":{"@type":"PropertyValueSpecification","valueRequired":true,"valueName":"search_term_string"}}],"inLanguage":"fr-FR"}]}},"_links":{"self":[{"href":"https:\/\/passeurspatrimoineplogonnec.fr\/index.php?rest_route=\/wp\/v2\/pages\/2702","targetHints":{"allow":["GET"]}}],"collection":[{"href":"https:\/\/passeurspatrimoineplogonnec.fr\/index.php?rest_route=\/wp\/v2\/pages"}],"about":[{"href":"https:\/\/passeurspatrimoineplogonnec.fr\/index.php?rest_route=\/wp\/v2\/types\/page"}],"author":[{"embeddable":true,"href":"https:\/\/passeurspatrimoineplogonnec.fr\/index.php?rest_route=\/wp\/v2\/users\/1"}],"replies":[{"embeddable":true,"href":"https:\/\/passeurspatrimoineplogonnec.fr\/index.php?rest_route=%2Fwp%2Fv2%2Fcomments&post=2702"}],"version-history":[{"count":7,"href":"https:\/\/passeurspatrimoineplogonnec.fr\/index.php?rest_route=\/wp\/v2\/pages\/2702\/revisions"}],"predecessor-version":[{"id":2728,"href":"https:\/\/passeurspatrimoineplogonnec.fr\/index.php?rest_route=\/wp\/v2\/pages\/2702\/revisions\/2728"}],"wp:attachment":[{"href":"https:\/\/passeurspatrimoineplogonnec.fr\/index.php?rest_route=%2Fwp%2Fv2%2Fmedia&parent=2702"}],"curies":[{"name":"wp","href":"https:\/\/api.w.org\/{rel}","templated":true}]}}