{"id":2799,"date":"2023-04-24T09:24:08","date_gmt":"2023-04-24T07:24:08","guid":{"rendered":"http:\/\/passeurspatrimoineplogonnec.fr\/?page_id=2799"},"modified":"2026-02-11T15:59:54","modified_gmt":"2026-02-11T14:59:54","slug":"exposition-sur-la-voie-ferree","status":"publish","type":"page","link":"https:\/\/passeurspatrimoineplogonnec.fr\/?page_id=2799","title":{"rendered":"Exposition : le chemin de fer et Plogonnec  du 16 au 19 septembre 2023."},"content":{"rendered":"\n<p>Cette exposition a eu lieu dans la salle municipale de l&rsquo;Arp\u00e8ge.<\/p>\n\n\n\n<figure class=\"wp-block-image size-full\"><a href=\"http:\/\/passeurspatrimoineplogonnec.fr\/?page_id=2824\" target=\"_blank\" rel=\"noreferrer noopener\"><img loading=\"lazy\" decoding=\"async\" width=\"256\" height=\"392\" src=\"http:\/\/passeurspatrimoineplogonnec.fr\/wp-content\/uploads\/2023\/10\/Planches-detaillees-de-la-voie-ferree-sur-Plogonnec-10.jpg\" alt=\"\" class=\"wp-image-3674\" srcset=\"https:\/\/passeurspatrimoineplogonnec.fr\/wp-content\/uploads\/2023\/10\/Planches-detaillees-de-la-voie-ferree-sur-Plogonnec-10.jpg 256w, https:\/\/passeurspatrimoineplogonnec.fr\/wp-content\/uploads\/2023\/10\/Planches-detaillees-de-la-voie-ferree-sur-Plogonnec-10-196x300.jpg 196w\" sizes=\"auto, (max-width: 256px) 100vw, 256px\" \/><\/a><\/figure>\n\n\n\n<p><a href=\"http:\/\/passeurspatrimoineplogonnec.fr\/?page_id=2824\" target=\"_blank\" rel=\"noreferrer noopener\">Planches d\u00e9taill\u00e9es de la construction de la voie ferr\u00e9e sur Plogonnec en 1862.<\/a><\/p>\n\n\n\n<p>*****************************************************************<\/p>\n\n\n\n<figure class=\"wp-block-image size-full\"><a href=\"http:\/\/passeurspatrimoineplogonnec.fr\/?page_id=2803\" target=\"_blank\" rel=\"noreferrer noopener\"><img loading=\"lazy\" decoding=\"async\" width=\"370\" height=\"283\" src=\"http:\/\/passeurspatrimoineplogonnec.fr\/wp-content\/uploads\/2023\/10\/La-machine-a-vapeur-de-Pascal-Cotrenne-10.jpg\" alt=\"\" class=\"wp-image-3680\" srcset=\"https:\/\/passeurspatrimoineplogonnec.fr\/wp-content\/uploads\/2023\/10\/La-machine-a-vapeur-de-Pascal-Cotrenne-10.jpg 370w, https:\/\/passeurspatrimoineplogonnec.fr\/wp-content\/uploads\/2023\/10\/La-machine-a-vapeur-de-Pascal-Cotrenne-10-300x229.jpg 300w\" sizes=\"auto, (max-width: 370px) 100vw, 370px\" \/><\/a><\/figure>\n\n\n\n<p><a href=\"http:\/\/passeurspatrimoineplogonnec.fr\/?page_id=2803\" target=\"_blank\" rel=\"noreferrer noopener\">La machine \u00e0 vapeur de Pascal Cotrelle.<\/a><\/p>\n\n\n\n<p>*****************************************************************<\/p>\n\n\n\n<figure class=\"wp-block-image size-full\"><a href=\"http:\/\/passeurspatrimoineplogonnec.fr\/?page_id=3343\" target=\"_blank\" rel=\" noreferrer noopener\"><img loading=\"lazy\" decoding=\"async\" width=\"416\" height=\"312\" src=\"http:\/\/passeurspatrimoineplogonnec.fr\/wp-content\/uploads\/2023\/10\/Preparation-Expo-8-1.jpg\" alt=\"\" class=\"wp-image-3687\" srcset=\"https:\/\/passeurspatrimoineplogonnec.fr\/wp-content\/uploads\/2023\/10\/Preparation-Expo-8-1.jpg 416w, https:\/\/passeurspatrimoineplogonnec.fr\/wp-content\/uploads\/2023\/10\/Preparation-Expo-8-1-300x225.jpg 300w\" sizes=\"auto, (max-width: 416px) 100vw, 416px\" \/><\/a><\/figure>\n\n\n\n<p><a href=\"http:\/\/passeurspatrimoineplogonnec.fr\/?page_id=3343\" target=\"_blank\" rel=\"noreferrer noopener\">Le montage des panneaux d&rsquo;exposition.<\/a><\/p>\n","protected":false},"excerpt":{"rendered":"<p>Cette exposition a eu lieu dans la salle municipale de l&rsquo;Arp\u00e8ge. Planches d\u00e9taill\u00e9es de la construction de la voie ferr\u00e9e sur Plogonnec en 1862. ***************************************************************** La machine \u00e0 vapeur de Pascal Cotrelle. ***************************************************************** Le montage des panneaux d&rsquo;exposition.<\/p>\n","protected":false},"author":1,"featured_media":0,"parent":0,"menu_order":0,"comment_status":"closed","ping_status":"closed","template":"","meta":{"footnotes":""},"class_list":["post-2799","page","type-page","status-publish","hentry"],"yoast_head":"<!-- This site is optimized with the Yoast SEO plugin v27.4 - https:\/\/yoast.com\/product\/yoast-seo-wordpress\/ -->\n<title>Exposition : le chemin de fer et Plogonnec du 16 au 19 septembre 2023. - Passeurs de Patrimoine de Plogonnec<\/title>\n<meta name=\"robots\" content=\"index, follow, max-snippet:-1, max-image-preview:large, max-video-preview:-1\" \/>\n<link rel=\"canonical\" href=\"https:\/\/passeurspatrimoineplogonnec.fr\/?page_id=2799\" \/>\n<meta property=\"og:locale\" content=\"fr_FR\" \/>\n<meta property=\"og:type\" content=\"article\" \/>\n<meta property=\"og:title\" content=\"Exposition : le chemin de fer et Plogonnec du 16 au 19 septembre 2023. - Passeurs de Patrimoine de Plogonnec\" \/>\n<meta property=\"og:description\" content=\"Cette exposition a eu lieu dans la salle municipale de l&rsquo;Arp\u00e8ge. Planches d\u00e9taill\u00e9es de la construction de la voie ferr\u00e9e sur Plogonnec en 1862. ***************************************************************** La machine \u00e0 vapeur de Pascal Cotrelle. ***************************************************************** Le montage des panneaux d&rsquo;exposition.\" \/>\n<meta property=\"og:url\" content=\"https:\/\/passeurspatrimoineplogonnec.fr\/?page_id=2799\" \/>\n<meta property=\"og:site_name\" content=\"Passeurs de Patrimoine de Plogonnec\" \/>\n<meta property=\"article:modified_time\" content=\"2026-02-11T14:59:54+00:00\" \/>\n<meta property=\"og:image\" content=\"https:\/\/passeurspatrimoineplogonnec.fr\/wp-content\/uploads\/2023\/10\/Planches-detaillees-de-la-voie-ferree-sur-Plogonnec-10.jpg\" \/>\n\t<meta property=\"og:image:width\" content=\"256\" \/>\n\t<meta property=\"og:image:height\" content=\"392\" \/>\n\t<meta property=\"og:image:type\" content=\"image\/jpeg\" \/>\n<meta name=\"twitter:card\" content=\"summary_large_image\" \/>\n<meta name=\"twitter:label1\" content=\"Dur\u00e9e de lecture estim\u00e9e\" \/>\n\t<meta name=\"twitter:data1\" content=\"1 minute\" \/>\n<script type=\"application\/ld+json\" class=\"yoast-schema-graph\">{\"@context\":\"https:\\\/\\\/schema.org\",\"@graph\":[{\"@type\":\"WebPage\",\"@id\":\"https:\\\/\\\/passeurspatrimoineplogonnec.fr\\\/?page_id=2799\",\"url\":\"https:\\\/\\\/passeurspatrimoineplogonnec.fr\\\/?page_id=2799\",\"name\":\"Exposition : le chemin de fer et Plogonnec du 16 au 19 septembre 2023. - Passeurs de Patrimoine de Plogonnec\",\"isPartOf\":{\"@id\":\"https:\\\/\\\/passeurspatrimoineplogonnec.fr\\\/#website\"},\"primaryImageOfPage\":{\"@id\":\"https:\\\/\\\/passeurspatrimoineplogonnec.fr\\\/?page_id=2799#primaryimage\"},\"image\":{\"@id\":\"https:\\\/\\\/passeurspatrimoineplogonnec.fr\\\/?page_id=2799#primaryimage\"},\"thumbnailUrl\":\"http:\\\/\\\/passeurspatrimoineplogonnec.fr\\\/wp-content\\\/uploads\\\/2023\\\/10\\\/Planches-detaillees-de-la-voie-ferree-sur-Plogonnec-10.jpg\",\"datePublished\":\"2023-04-24T07:24:08+00:00\",\"dateModified\":\"2026-02-11T14:59:54+00:00\",\"breadcrumb\":{\"@id\":\"https:\\\/\\\/passeurspatrimoineplogonnec.fr\\\/?page_id=2799#breadcrumb\"},\"inLanguage\":\"fr-FR\",\"potentialAction\":[{\"@type\":\"ReadAction\",\"target\":[\"https:\\\/\\\/passeurspatrimoineplogonnec.fr\\\/?page_id=2799\"]}]},{\"@type\":\"ImageObject\",\"inLanguage\":\"fr-FR\",\"@id\":\"https:\\\/\\\/passeurspatrimoineplogonnec.fr\\\/?page_id=2799#primaryimage\",\"url\":\"https:\\\/\\\/passeurspatrimoineplogonnec.fr\\\/wp-content\\\/uploads\\\/2023\\\/10\\\/Planches-detaillees-de-la-voie-ferree-sur-Plogonnec-10.jpg\",\"contentUrl\":\"https:\\\/\\\/passeurspatrimoineplogonnec.fr\\\/wp-content\\\/uploads\\\/2023\\\/10\\\/Planches-detaillees-de-la-voie-ferree-sur-Plogonnec-10.jpg\",\"width\":256,\"height\":392},{\"@type\":\"BreadcrumbList\",\"@id\":\"https:\\\/\\\/passeurspatrimoineplogonnec.fr\\\/?page_id=2799#breadcrumb\",\"itemListElement\":[{\"@type\":\"ListItem\",\"position\":1,\"name\":\"Accueil\",\"item\":\"https:\\\/\\\/passeurspatrimoineplogonnec.fr\\\/\"},{\"@type\":\"ListItem\",\"position\":2,\"name\":\"Exposition : le chemin de fer et Plogonnec du 16 au 19 septembre 2023.\"}]},{\"@type\":\"WebSite\",\"@id\":\"https:\\\/\\\/passeurspatrimoineplogonnec.fr\\\/#website\",\"url\":\"https:\\\/\\\/passeurspatrimoineplogonnec.fr\\\/\",\"name\":\"Passeurs de Patrimoine de Plogonnec\",\"description\":\"\",\"potentialAction\":[{\"@type\":\"SearchAction\",\"target\":{\"@type\":\"EntryPoint\",\"urlTemplate\":\"https:\\\/\\\/passeurspatrimoineplogonnec.fr\\\/?s={search_term_string}\"},\"query-input\":{\"@type\":\"PropertyValueSpecification\",\"valueRequired\":true,\"valueName\":\"search_term_string\"}}],\"inLanguage\":\"fr-FR\"}]}<\/script>\n<!-- \/ Yoast SEO plugin. -->","yoast_head_json":{"title":"Exposition : le chemin de fer et Plogonnec du 16 au 19 septembre 2023. - Passeurs de Patrimoine de Plogonnec","robots":{"index":"index","follow":"follow","max-snippet":"max-snippet:-1","max-image-preview":"max-image-preview:large","max-video-preview":"max-video-preview:-1"},"canonical":"https:\/\/passeurspatrimoineplogonnec.fr\/?page_id=2799","og_locale":"fr_FR","og_type":"article","og_title":"Exposition : le chemin de fer et Plogonnec du 16 au 19 septembre 2023. - Passeurs de Patrimoine de Plogonnec","og_description":"Cette exposition a eu lieu dans la salle municipale de l&rsquo;Arp\u00e8ge. Planches d\u00e9taill\u00e9es de la construction de la voie ferr\u00e9e sur Plogonnec en 1862. ***************************************************************** La machine \u00e0 vapeur de Pascal Cotrelle. ***************************************************************** Le montage des panneaux d&rsquo;exposition.","og_url":"https:\/\/passeurspatrimoineplogonnec.fr\/?page_id=2799","og_site_name":"Passeurs de Patrimoine de Plogonnec","article_modified_time":"2026-02-11T14:59:54+00:00","og_image":[{"width":256,"height":392,"url":"https:\/\/passeurspatrimoineplogonnec.fr\/wp-content\/uploads\/2023\/10\/Planches-detaillees-de-la-voie-ferree-sur-Plogonnec-10.jpg","type":"image\/jpeg"}],"twitter_card":"summary_large_image","twitter_misc":{"Dur\u00e9e de lecture estim\u00e9e":"1 minute"},"schema":{"@context":"https:\/\/schema.org","@graph":[{"@type":"WebPage","@id":"https:\/\/passeurspatrimoineplogonnec.fr\/?page_id=2799","url":"https:\/\/passeurspatrimoineplogonnec.fr\/?page_id=2799","name":"Exposition : le chemin de fer et Plogonnec du 16 au 19 septembre 2023. - Passeurs de Patrimoine de Plogonnec","isPartOf":{"@id":"https:\/\/passeurspatrimoineplogonnec.fr\/#website"},"primaryImageOfPage":{"@id":"https:\/\/passeurspatrimoineplogonnec.fr\/?page_id=2799#primaryimage"},"image":{"@id":"https:\/\/passeurspatrimoineplogonnec.fr\/?page_id=2799#primaryimage"},"thumbnailUrl":"http:\/\/passeurspatrimoineplogonnec.fr\/wp-content\/uploads\/2023\/10\/Planches-detaillees-de-la-voie-ferree-sur-Plogonnec-10.jpg","datePublished":"2023-04-24T07:24:08+00:00","dateModified":"2026-02-11T14:59:54+00:00","breadcrumb":{"@id":"https:\/\/passeurspatrimoineplogonnec.fr\/?page_id=2799#breadcrumb"},"inLanguage":"fr-FR","potentialAction":[{"@type":"ReadAction","target":["https:\/\/passeurspatrimoineplogonnec.fr\/?page_id=2799"]}]},{"@type":"ImageObject","inLanguage":"fr-FR","@id":"https:\/\/passeurspatrimoineplogonnec.fr\/?page_id=2799#primaryimage","url":"https:\/\/passeurspatrimoineplogonnec.fr\/wp-content\/uploads\/2023\/10\/Planches-detaillees-de-la-voie-ferree-sur-Plogonnec-10.jpg","contentUrl":"https:\/\/passeurspatrimoineplogonnec.fr\/wp-content\/uploads\/2023\/10\/Planches-detaillees-de-la-voie-ferree-sur-Plogonnec-10.jpg","width":256,"height":392},{"@type":"BreadcrumbList","@id":"https:\/\/passeurspatrimoineplogonnec.fr\/?page_id=2799#breadcrumb","itemListElement":[{"@type":"ListItem","position":1,"name":"Accueil","item":"https:\/\/passeurspatrimoineplogonnec.fr\/"},{"@type":"ListItem","position":2,"name":"Exposition : le chemin de fer et Plogonnec du 16 au 19 septembre 2023."}]},{"@type":"WebSite","@id":"https:\/\/passeurspatrimoineplogonnec.fr\/#website","url":"https:\/\/passeurspatrimoineplogonnec.fr\/","name":"Passeurs de Patrimoine de Plogonnec","description":"","potentialAction":[{"@type":"SearchAction","target":{"@type":"EntryPoint","urlTemplate":"https:\/\/passeurspatrimoineplogonnec.fr\/?s={search_term_string}"},"query-input":{"@type":"PropertyValueSpecification","valueRequired":true,"valueName":"search_term_string"}}],"inLanguage":"fr-FR"}]}},"_links":{"self":[{"href":"https:\/\/passeurspatrimoineplogonnec.fr\/index.php?rest_route=\/wp\/v2\/pages\/2799","targetHints":{"allow":["GET"]}}],"collection":[{"href":"https:\/\/passeurspatrimoineplogonnec.fr\/index.php?rest_route=\/wp\/v2\/pages"}],"about":[{"href":"https:\/\/passeurspatrimoineplogonnec.fr\/index.php?rest_route=\/wp\/v2\/types\/page"}],"author":[{"embeddable":true,"href":"https:\/\/passeurspatrimoineplogonnec.fr\/index.php?rest_route=\/wp\/v2\/users\/1"}],"replies":[{"embeddable":true,"href":"https:\/\/passeurspatrimoineplogonnec.fr\/index.php?rest_route=%2Fwp%2Fv2%2Fcomments&post=2799"}],"version-history":[{"count":25,"href":"https:\/\/passeurspatrimoineplogonnec.fr\/index.php?rest_route=\/wp\/v2\/pages\/2799\/revisions"}],"predecessor-version":[{"id":4883,"href":"https:\/\/passeurspatrimoineplogonnec.fr\/index.php?rest_route=\/wp\/v2\/pages\/2799\/revisions\/4883"}],"wp:attachment":[{"href":"https:\/\/passeurspatrimoineplogonnec.fr\/index.php?rest_route=%2Fwp%2Fv2%2Fmedia&parent=2799"}],"curies":[{"name":"wp","href":"https:\/\/api.w.org\/{rel}","templated":true}]}}

<p>Cette exposition a eu lieu dans la salle municipale de l&rsquo;Arpège.</p>



<figure class="wp-block-image size-full"><a href="http://passeurspatrimoineplogonnec.fr/?page_id=2824" target="_blank" rel="noreferrer noopener"><img loading="lazy" decoding="async" width="256" height="392" src="http://passeurspatrimoineplogonnec.fr/wp-content/uploads/2023/10/Planches-detaillees-de-la-voie-ferree-sur-Plogonnec-10.jpg" alt="" class="wp-image-3674" srcset="https://passeurspatrimoineplogonnec.fr/wp-content/uploads/2023/10/Planches-detaillees-de-la-voie-ferree-sur-Plogonnec-10.jpg 256w, https://passeurspatrimoineplogonnec.fr/wp-content/uploads/2023/10/Planches-detaillees-de-la-voie-ferree-sur-Plogonnec-10-196x300.jpg 196w" sizes="auto, (max-width: 256px) 100vw, 256px" /></a></figure>



<p><a href="http://passeurspatrimoineplogonnec.fr/?page_id=2824" target="_blank" rel="noreferrer noopener">Planches détaillées de la construction de la voie ferrée sur Plogonnec en 1862.</a></p>



<p>*****************************************************************</p>



<figure class="wp-block-image size-full"><a href="http://passeurspatrimoineplogonnec.fr/?page_id=2803" target="_blank" rel="noreferrer noopener"><img loading="lazy" decoding="async" width="370" height="283" src="http://passeurspatrimoineplogonnec.fr/wp-content/uploads/2023/10/La-machine-a-vapeur-de-Pascal-Cotrenne-10.jpg" alt="" class="wp-image-3680" srcset="https://passeurspatrimoineplogonnec.fr/wp-content/uploads/2023/10/La-machine-a-vapeur-de-Pascal-Cotrenne-10.jpg 370w, https://passeurspatrimoineplogonnec.fr/wp-content/uploads/2023/10/La-machine-a-vapeur-de-Pascal-Cotrenne-10-300x229.jpg 300w" sizes="auto, (max-width: 370px) 100vw, 370px" /></a></figure>



<p><a href="http://passeurspatrimoineplogonnec.fr/?page_id=2803" target="_blank" rel="noreferrer noopener">La machine à vapeur de Pascal Cotrelle.</a></p>



<p>*****************************************************************</p>



<figure class="wp-block-image size-full"><a href="http://passeurspatrimoineplogonnec.fr/?page_id=3343" target="_blank" rel=" noreferrer noopener"><img loading="lazy" decoding="async" width="416" height="312" src="http://passeurspatrimoineplogonnec.fr/wp-content/uploads/2023/10/Preparation-Expo-8-1.jpg" alt="" class="wp-image-3687" srcset="https://passeurspatrimoineplogonnec.fr/wp-content/uploads/2023/10/Preparation-Expo-8-1.jpg 416w, https://passeurspatrimoineplogonnec.fr/wp-content/uploads/2023/10/Preparation-Expo-8-1-300x225.jpg 300w" sizes="auto, (max-width: 416px) 100vw, 416px" /></a></figure>



<p><a href="http://passeurspatrimoineplogonnec.fr/?page_id=3343" target="_blank" rel="noreferrer noopener">Le montage des panneaux d&rsquo;exposition.</a></p>

<p>Cette exposition a eu lieu dans la salle municipale de l&rsquo;Arpège. Planches détaillées de la construction de la voie ferrée sur Plogonnec en 1862. ***************************************************************** La machine à vapeur de Pascal Cotrelle. ***************************************************************** Le montage des panneaux d&rsquo;exposition.</p>

<!-- This site is optimized with the Yoast SEO plugin v27.4 - https://yoast.com/product/yoast-seo-wordpress/ -->
<title>Exposition : le chemin de fer et Plogonnec du 16 au 19 septembre 2023. - Passeurs de Patrimoine de Plogonnec</title>
<meta name="robots" content="index, follow, max-snippet:-1, max-image-preview:large, max-video-preview:-1" />
<link rel="canonical" href="https://passeurspatrimoineplogonnec.fr/?page_id=2799" />
<meta property="og:locale" content="fr_FR" />
<meta property="og:type" content="article" />
<meta property="og:title" content="Exposition : le chemin de fer et Plogonnec du 16 au 19 septembre 2023. - Passeurs de Patrimoine de Plogonnec" />
<meta property="og:description" content="Cette exposition a eu lieu dans la salle municipale de l&rsquo;Arpège. Planches détaillées de la construction de la voie ferrée sur Plogonnec en 1862. ***************************************************************** La machine à vapeur de Pascal Cotrelle. ***************************************************************** Le montage des panneaux d&rsquo;exposition." />
<meta property="og:url" content="https://passeurspatrimoineplogonnec.fr/?page_id=2799" />
<meta property="og:site_name" content="Passeurs de Patrimoine de Plogonnec" />
<meta property="article:modified_time" content="2026-02-11T14:59:54+00:00" />
<meta property="og:image" content="https://passeurspatrimoineplogonnec.fr/wp-content/uploads/2023/10/Planches-detaillees-de-la-voie-ferree-sur-Plogonnec-10.jpg" />
	<meta property="og:image:width" content="256" />
	<meta property="og:image:height" content="392" />
	<meta property="og:image:type" content="image/jpeg" />
<meta name="twitter:card" content="summary_large_image" />
<meta name="twitter:label1" content="Durée de lecture estimée" />
	<meta name="twitter:data1" content="1 minute" />
<script type="application/ld+json" class="yoast-schema-graph">{"@context":"https:\/\/schema.org","@graph":[{"@type":"WebPage","@id":"https:\/\/passeurspatrimoineplogonnec.fr\/?page_id=2799","url":"https:\/\/passeurspatrimoineplogonnec.fr\/?page_id=2799","name":"Exposition : le chemin de fer et Plogonnec du 16 au 19 septembre 2023. - Passeurs de Patrimoine de Plogonnec","isPartOf":{"@id":"https:\/\/passeurspatrimoineplogonnec.fr\/#website"},"primaryImageOfPage":{"@id":"https:\/\/passeurspatrimoineplogonnec.fr\/?page_id=2799#primaryimage"},"image":{"@id":"https:\/\/passeurspatrimoineplogonnec.fr\/?page_id=2799#primaryimage"},"thumbnailUrl":"http:\/\/passeurspatrimoineplogonnec.fr\/wp-content\/uploads\/2023\/10\/Planches-detaillees-de-la-voie-ferree-sur-Plogonnec-10.jpg","datePublished":"2023-04-24T07:24:08+00:00","dateModified":"2026-02-11T14:59:54+00:00","breadcrumb":{"@id":"https:\/\/passeurspatrimoineplogonnec.fr\/?page_id=2799#breadcrumb"},"inLanguage":"fr-FR","potentialAction":[{"@type":"ReadAction","target":["https:\/\/passeurspatrimoineplogonnec.fr\/?page_id=2799"]}]},{"@type":"ImageObject","inLanguage":"fr-FR","@id":"https:\/\/passeurspatrimoineplogonnec.fr\/?page_id=2799#primaryimage","url":"https:\/\/passeurspatrimoineplogonnec.fr\/wp-content\/uploads\/2023\/10\/Planches-detaillees-de-la-voie-ferree-sur-Plogonnec-10.jpg","contentUrl":"https:\/\/passeurspatrimoineplogonnec.fr\/wp-content\/uploads\/2023\/10\/Planches-detaillees-de-la-voie-ferree-sur-Plogonnec-10.jpg","width":256,"height":392},{"@type":"BreadcrumbList","@id":"https:\/\/passeurspatrimoineplogonnec.fr\/?page_id=2799#breadcrumb","itemListElement":[{"@type":"ListItem","position":1,"name":"Accueil","item":"https:\/\/passeurspatrimoineplogonnec.fr\/"},{"@type":"ListItem","position":2,"name":"Exposition : le chemin de fer et Plogonnec du 16 au 19 septembre 2023."}]},{"@type":"WebSite","@id":"https:\/\/passeurspatrimoineplogonnec.fr\/#website","url":"https:\/\/passeurspatrimoineplogonnec.fr\/","name":"Passeurs de Patrimoine de Plogonnec","description":"","potentialAction":[{"@type":"SearchAction","target":{"@type":"EntryPoint","urlTemplate":"https:\/\/passeurspatrimoineplogonnec.fr\/?s={search_term_string}"},"query-input":{"@type":"PropertyValueSpecification","valueRequired":true,"valueName":"search_term_string"}}],"inLanguage":"fr-FR"}]}</script>
<!-- / Yoast SEO plugin. -->

Cette exposition a eu lieu dans la salle municipale de l&rsquo;Arpège. Planches détaillées de la construction de la voie ferrée sur Plogonnec en 1862. ***************************************************************** La machine à vapeur de Pascal Cotrelle. ***************************************************************** Le montage des panneaux d&rsquo;exposition.
