{"id":2803,"date":"2023-04-24T09:31:58","date_gmt":"2023-04-24T07:31:58","guid":{"rendered":"http:\/\/passeurspatrimoineplogonnec.fr\/?page_id=2803"},"modified":"2026-02-12T14:51:19","modified_gmt":"2026-02-12T13:51:19","slug":"la-machine-a-vapeur-de-pascal-cottrelle","status":"publish","type":"page","link":"https:\/\/passeurspatrimoineplogonnec.fr\/?page_id=2803","title":{"rendered":"La machine \u00e0 vapeur de Pascal Cottrelle."},"content":{"rendered":"\n<figure class=\"wp-block-gallery has-nested-images columns-default is-cropped wp-block-gallery-1 is-layout-flex wp-block-gallery-is-layout-flex\">\n<figure class=\"wp-block-image size-large\"><a href=\"http:\/\/passeurspatrimoineplogonnec.fr\/wp-content\/uploads\/2023\/04\/2023-04-20-charrette-de-pompiers-Pascal-1.jpg\" target=\"_blank\" rel=\"noreferrer noopener\"><img loading=\"lazy\" decoding=\"async\" width=\"1024\" height=\"695\" data-id=\"2813\" src=\"http:\/\/passeurspatrimoineplogonnec.fr\/wp-content\/uploads\/2023\/04\/2023-04-20-charrette-de-pompiers-Pascal-1-1024x695.jpg\" alt=\"\" class=\"wp-image-2813\" srcset=\"https:\/\/passeurspatrimoineplogonnec.fr\/wp-content\/uploads\/2023\/04\/2023-04-20-charrette-de-pompiers-Pascal-1-1024x695.jpg 1024w, https:\/\/passeurspatrimoineplogonnec.fr\/wp-content\/uploads\/2023\/04\/2023-04-20-charrette-de-pompiers-Pascal-1-300x204.jpg 300w, https:\/\/passeurspatrimoineplogonnec.fr\/wp-content\/uploads\/2023\/04\/2023-04-20-charrette-de-pompiers-Pascal-1-768x521.jpg 768w, https:\/\/passeurspatrimoineplogonnec.fr\/wp-content\/uploads\/2023\/04\/2023-04-20-charrette-de-pompiers-Pascal-1-1536x1043.jpg 1536w, https:\/\/passeurspatrimoineplogonnec.fr\/wp-content\/uploads\/2023\/04\/2023-04-20-charrette-de-pompiers-Pascal-1-2048x1391.jpg 2048w\" sizes=\"auto, (max-width: 1024px) 100vw, 1024px\" \/><\/a><\/figure>\n\n\n\n<figure class=\"wp-block-image size-large\"><a href=\"http:\/\/passeurspatrimoineplogonnec.fr\/wp-content\/uploads\/2023\/04\/2023-04-20-Locomotive-Pascal-1-1-scaled.jpg\" target=\"_blank\" rel=\"noreferrer noopener\"><img loading=\"lazy\" decoding=\"async\" width=\"1024\" height=\"538\" data-id=\"2815\" src=\"http:\/\/passeurspatrimoineplogonnec.fr\/wp-content\/uploads\/2023\/04\/2023-04-20-Locomotive-Pascal-1-1-1024x538.jpg\" alt=\"\" class=\"wp-image-2815\" srcset=\"https:\/\/passeurspatrimoineplogonnec.fr\/wp-content\/uploads\/2023\/04\/2023-04-20-Locomotive-Pascal-1-1-1024x538.jpg 1024w, https:\/\/passeurspatrimoineplogonnec.fr\/wp-content\/uploads\/2023\/04\/2023-04-20-Locomotive-Pascal-1-1-300x158.jpg 300w, https:\/\/passeurspatrimoineplogonnec.fr\/wp-content\/uploads\/2023\/04\/2023-04-20-Locomotive-Pascal-1-1-768x404.jpg 768w, https:\/\/passeurspatrimoineplogonnec.fr\/wp-content\/uploads\/2023\/04\/2023-04-20-Locomotive-Pascal-1-1-1536x808.jpg 1536w, https:\/\/passeurspatrimoineplogonnec.fr\/wp-content\/uploads\/2023\/04\/2023-04-20-Locomotive-Pascal-1-1-2048x1077.jpg 2048w\" sizes=\"auto, (max-width: 1024px) 100vw, 1024px\" \/><\/a><\/figure>\n\n\n\n<figure class=\"wp-block-image size-large\"><a href=\"http:\/\/passeurspatrimoineplogonnec.fr\/wp-content\/uploads\/2023\/04\/2023-04-20-Locomotive-Pascal-2-scaled.jpg\" target=\"_blank\" rel=\"noreferrer noopener\"><img loading=\"lazy\" decoding=\"async\" width=\"473\" height=\"1024\" data-id=\"2812\" src=\"http:\/\/passeurspatrimoineplogonnec.fr\/wp-content\/uploads\/2023\/04\/2023-04-20-Locomotive-Pascal-2-473x1024.jpg\" alt=\"\" class=\"wp-image-2812\" srcset=\"https:\/\/passeurspatrimoineplogonnec.fr\/wp-content\/uploads\/2023\/04\/2023-04-20-Locomotive-Pascal-2-473x1024.jpg 473w, https:\/\/passeurspatrimoineplogonnec.fr\/wp-content\/uploads\/2023\/04\/2023-04-20-Locomotive-Pascal-2-138x300.jpg 138w, https:\/\/passeurspatrimoineplogonnec.fr\/wp-content\/uploads\/2023\/04\/2023-04-20-Locomotive-Pascal-2-768x1664.jpg 768w, https:\/\/passeurspatrimoineplogonnec.fr\/wp-content\/uploads\/2023\/04\/2023-04-20-Locomotive-Pascal-2-709x1536.jpg 709w, https:\/\/passeurspatrimoineplogonnec.fr\/wp-content\/uploads\/2023\/04\/2023-04-20-Locomotive-Pascal-2-945x2048.jpg 945w, https:\/\/passeurspatrimoineplogonnec.fr\/wp-content\/uploads\/2023\/04\/2023-04-20-Locomotive-Pascal-2-scaled.jpg 1182w\" sizes=\"auto, (max-width: 473px) 100vw, 473px\" \/><\/a><\/figure>\n\n\n\n<figure class=\"wp-block-image size-large\"><a href=\"http:\/\/passeurspatrimoineplogonnec.fr\/wp-content\/uploads\/2023\/04\/2023-04-20-Locomotive-Pascal-3-scaled.jpg\" target=\"_blank\" rel=\"noreferrer noopener\"><img loading=\"lazy\" decoding=\"async\" width=\"1024\" height=\"564\" data-id=\"2809\" src=\"http:\/\/passeurspatrimoineplogonnec.fr\/wp-content\/uploads\/2023\/04\/2023-04-20-Locomotive-Pascal-3-1024x564.jpg\" alt=\"\" class=\"wp-image-2809\" srcset=\"https:\/\/passeurspatrimoineplogonnec.fr\/wp-content\/uploads\/2023\/04\/2023-04-20-Locomotive-Pascal-3-1024x564.jpg 1024w, https:\/\/passeurspatrimoineplogonnec.fr\/wp-content\/uploads\/2023\/04\/2023-04-20-Locomotive-Pascal-3-300x165.jpg 300w, https:\/\/passeurspatrimoineplogonnec.fr\/wp-content\/uploads\/2023\/04\/2023-04-20-Locomotive-Pascal-3-768x423.jpg 768w, https:\/\/passeurspatrimoineplogonnec.fr\/wp-content\/uploads\/2023\/04\/2023-04-20-Locomotive-Pascal-3-1536x846.jpg 1536w, https:\/\/passeurspatrimoineplogonnec.fr\/wp-content\/uploads\/2023\/04\/2023-04-20-Locomotive-Pascal-3-2048x1127.jpg 2048w\" sizes=\"auto, (max-width: 1024px) 100vw, 1024px\" \/><\/a><\/figure>\n\n\n\n<figure class=\"wp-block-image size-large\"><a href=\"http:\/\/passeurspatrimoineplogonnec.fr\/wp-content\/uploads\/2023\/04\/2023-04-20-Locomotive-Pascal-4.jpg\" target=\"_blank\" rel=\"noreferrer noopener\"><img loading=\"lazy\" decoding=\"async\" width=\"1024\" height=\"777\" data-id=\"2808\" src=\"http:\/\/passeurspatrimoineplogonnec.fr\/wp-content\/uploads\/2023\/04\/2023-04-20-Locomotive-Pascal-4-1024x777.jpg\" alt=\"\" class=\"wp-image-2808\" srcset=\"https:\/\/passeurspatrimoineplogonnec.fr\/wp-content\/uploads\/2023\/04\/2023-04-20-Locomotive-Pascal-4-1024x777.jpg 1024w, https:\/\/passeurspatrimoineplogonnec.fr\/wp-content\/uploads\/2023\/04\/2023-04-20-Locomotive-Pascal-4-300x228.jpg 300w, https:\/\/passeurspatrimoineplogonnec.fr\/wp-content\/uploads\/2023\/04\/2023-04-20-Locomotive-Pascal-4-768x583.jpg 768w, https:\/\/passeurspatrimoineplogonnec.fr\/wp-content\/uploads\/2023\/04\/2023-04-20-Locomotive-Pascal-4-1536x1165.jpg 1536w, https:\/\/passeurspatrimoineplogonnec.fr\/wp-content\/uploads\/2023\/04\/2023-04-20-Locomotive-Pascal-4-2048x1554.jpg 2048w\" sizes=\"auto, (max-width: 1024px) 100vw, 1024px\" \/><\/a><\/figure>\n\n\n\n<figure class=\"wp-block-image size-large\"><a href=\"http:\/\/passeurspatrimoineplogonnec.fr\/wp-content\/uploads\/2023\/04\/2023-04-20-Locomotive-Pascal-5-scaled.jpg\" target=\"_blank\" rel=\"noreferrer noopener\"><img loading=\"lazy\" decoding=\"async\" width=\"461\" height=\"1024\" data-id=\"2811\" src=\"http:\/\/passeurspatrimoineplogonnec.fr\/wp-content\/uploads\/2023\/04\/2023-04-20-Locomotive-Pascal-5-461x1024.jpg\" alt=\"\" class=\"wp-image-2811\" srcset=\"https:\/\/passeurspatrimoineplogonnec.fr\/wp-content\/uploads\/2023\/04\/2023-04-20-Locomotive-Pascal-5-461x1024.jpg 461w, https:\/\/passeurspatrimoineplogonnec.fr\/wp-content\/uploads\/2023\/04\/2023-04-20-Locomotive-Pascal-5-135x300.jpg 135w, https:\/\/passeurspatrimoineplogonnec.fr\/wp-content\/uploads\/2023\/04\/2023-04-20-Locomotive-Pascal-5-768x1706.jpg 768w, https:\/\/passeurspatrimoineplogonnec.fr\/wp-content\/uploads\/2023\/04\/2023-04-20-Locomotive-Pascal-5-691x1536.jpg 691w, https:\/\/passeurspatrimoineplogonnec.fr\/wp-content\/uploads\/2023\/04\/2023-04-20-Locomotive-Pascal-5-922x2048.jpg 922w, https:\/\/passeurspatrimoineplogonnec.fr\/wp-content\/uploads\/2023\/04\/2023-04-20-Locomotive-Pascal-5-scaled.jpg 1152w\" sizes=\"auto, (max-width: 461px) 100vw, 461px\" \/><\/a><\/figure>\n<\/figure>\n\n\n\n<figure class=\"wp-block-gallery has-nested-images columns-default is-cropped wp-block-gallery-2 is-layout-flex wp-block-gallery-is-layout-flex\">\n<figure class=\"wp-block-image size-large\"><a href=\"http:\/\/passeurspatrimoineplogonnec.fr\/wp-content\/uploads\/2026\/02\/IMG_1430-scaled.jpg\" target=\"_blank\" rel=\" noreferrer noopener\"><img loading=\"lazy\" decoding=\"async\" width=\"2560\" height=\"1920\" data-id=\"4990\" src=\"https:\/\/passeurspatrimoineplogonnec.fr\/wp-content\/uploads\/2026\/02\/IMG_1430-scaled.jpg\" alt=\"\" class=\"wp-image-4990\" srcset=\"https:\/\/passeurspatrimoineplogonnec.fr\/wp-content\/uploads\/2026\/02\/IMG_1430-scaled.jpg 2560w, https:\/\/passeurspatrimoineplogonnec.fr\/wp-content\/uploads\/2026\/02\/IMG_1430-300x225.jpg 300w\" sizes=\"auto, (max-width: 2560px) 100vw, 2560px\" \/><\/a><\/figure>\n\n\n\n<figure class=\"wp-block-image size-large\"><a href=\"http:\/\/passeurspatrimoineplogonnec.fr\/wp-content\/uploads\/2026\/02\/IMG_1432-scaled.jpg\" target=\"_blank\" rel=\" noreferrer noopener\"><img loading=\"lazy\" decoding=\"async\" width=\"768\" height=\"1024\" data-id=\"4989\" src=\"https:\/\/passeurspatrimoineplogonnec.fr\/wp-content\/uploads\/2026\/02\/IMG_1432-768x1024.jpg\" alt=\"\" class=\"wp-image-4989\" srcset=\"https:\/\/passeurspatrimoineplogonnec.fr\/wp-content\/uploads\/2026\/02\/IMG_1432-768x1024.jpg 768w, https:\/\/passeurspatrimoineplogonnec.fr\/wp-content\/uploads\/2026\/02\/IMG_1432-225x300.jpg 225w, https:\/\/passeurspatrimoineplogonnec.fr\/wp-content\/uploads\/2026\/02\/IMG_1432-1152x1536.jpg 1152w, https:\/\/passeurspatrimoineplogonnec.fr\/wp-content\/uploads\/2026\/02\/IMG_1432-1536x2048.jpg 1536w, https:\/\/passeurspatrimoineplogonnec.fr\/wp-content\/uploads\/2026\/02\/IMG_1432-scaled.jpg 1920w\" sizes=\"auto, (max-width: 768px) 100vw, 768px\" \/><\/a><\/figure>\n\n\n\n<figure class=\"wp-block-image size-full\"><a href=\"http:\/\/passeurspatrimoineplogonnec.fr\/wp-content\/uploads\/2026\/02\/IMG_1541.jpg\" target=\"_blank\" rel=\" noreferrer noopener\"><img decoding=\"async\" data-id=\"4992\" src=\"http:\/\/passeurspatrimoineplogonnec.fr\/wp-content\/uploads\/2026\/02\/IMG_1541.jpg\" alt=\"\" class=\"wp-image-4992\"\/><\/a><\/figure>\n\n\n\n<figure class=\"wp-block-image size-large\"><a href=\"http:\/\/passeurspatrimoineplogonnec.fr\/wp-content\/uploads\/2026\/02\/IMG_1542-scaled.jpg\" target=\"_blank\" rel=\" noreferrer noopener\"><img loading=\"lazy\" decoding=\"async\" width=\"768\" height=\"1024\" data-id=\"4994\" src=\"http:\/\/passeurspatrimoineplogonnec.fr\/wp-content\/uploads\/2026\/02\/IMG_1542-768x1024.jpg\" alt=\"\" class=\"wp-image-4994\" srcset=\"https:\/\/passeurspatrimoineplogonnec.fr\/wp-content\/uploads\/2026\/02\/IMG_1542-768x1024.jpg 768w, https:\/\/passeurspatrimoineplogonnec.fr\/wp-content\/uploads\/2026\/02\/IMG_1542-225x300.jpg 225w, https:\/\/passeurspatrimoineplogonnec.fr\/wp-content\/uploads\/2026\/02\/IMG_1542-scaled.jpg 1920w\" sizes=\"auto, (max-width: 768px) 100vw, 768px\" \/><\/a><\/figure>\n\n\n\n<figure class=\"wp-block-image size-full\"><a href=\"http:\/\/passeurspatrimoineplogonnec.fr\/wp-content\/uploads\/2026\/02\/IMG_1544.jpg\" target=\"_blank\" rel=\" noreferrer noopener\"><img decoding=\"async\" data-id=\"4991\" src=\"http:\/\/passeurspatrimoineplogonnec.fr\/wp-content\/uploads\/2026\/02\/IMG_1544.jpg\" alt=\"\" class=\"wp-image-4991\"\/><\/a><\/figure>\n\n\n\n<figure class=\"wp-block-image size-full\"><a href=\"http:\/\/passeurspatrimoineplogonnec.fr\/wp-content\/uploads\/2026\/02\/IMG_1549-scaled.jpg\" target=\"_blank\" rel=\" noreferrer noopener\"><img loading=\"lazy\" decoding=\"async\" width=\"1920\" height=\"2560\" data-id=\"4993\" src=\"http:\/\/passeurspatrimoineplogonnec.fr\/wp-content\/uploads\/2026\/02\/IMG_1549-scaled.jpg\" alt=\"\" class=\"wp-image-4993\" srcset=\"https:\/\/passeurspatrimoineplogonnec.fr\/wp-content\/uploads\/2026\/02\/IMG_1549-scaled.jpg 1920w, https:\/\/passeurspatrimoineplogonnec.fr\/wp-content\/uploads\/2026\/02\/IMG_1549-225x300.jpg 225w\" sizes=\"auto, (max-width: 1920px) 100vw, 1920px\" \/><\/a><\/figure>\n<\/figure>\n\n\n\n<figure class=\"wp-block-gallery has-nested-images columns-default is-cropped wp-block-gallery-3 is-layout-flex wp-block-gallery-is-layout-flex\">\n<figure class=\"wp-block-image size-large\"><a href=\"http:\/\/passeurspatrimoineplogonnec.fr\/wp-content\/uploads\/2026\/02\/IMG_1546-scaled.jpg\" target=\"_blank\" rel=\" noreferrer noopener\"><img loading=\"lazy\" decoding=\"async\" width=\"2560\" height=\"1920\" data-id=\"5003\" src=\"https:\/\/passeurspatrimoineplogonnec.fr\/wp-content\/uploads\/2026\/02\/IMG_1546-scaled.jpg\" alt=\"\" class=\"wp-image-5003\" srcset=\"https:\/\/passeurspatrimoineplogonnec.fr\/wp-content\/uploads\/2026\/02\/IMG_1546-scaled.jpg 2560w, https:\/\/passeurspatrimoineplogonnec.fr\/wp-content\/uploads\/2026\/02\/IMG_1546-300x225.jpg 300w\" sizes=\"auto, (max-width: 2560px) 100vw, 2560px\" \/><\/a><\/figure>\n\n\n\n<figure class=\"wp-block-image size-large\"><a href=\"http:\/\/passeurspatrimoineplogonnec.fr\/wp-content\/uploads\/2026\/02\/IMG_1548-scaled.jpg\" target=\"_blank\" rel=\" noreferrer noopener\"><img loading=\"lazy\" decoding=\"async\" width=\"1920\" height=\"2560\" data-id=\"5002\" src=\"https:\/\/passeurspatrimoineplogonnec.fr\/wp-content\/uploads\/2026\/02\/IMG_1548-scaled.jpg\" alt=\"\" class=\"wp-image-5002\" srcset=\"https:\/\/passeurspatrimoineplogonnec.fr\/wp-content\/uploads\/2026\/02\/IMG_1548-scaled.jpg 1920w, https:\/\/passeurspatrimoineplogonnec.fr\/wp-content\/uploads\/2026\/02\/IMG_1548-225x300.jpg 225w\" sizes=\"auto, (max-width: 1920px) 100vw, 1920px\" \/><\/a><\/figure>\n\n\n\n<figure class=\"wp-block-image size-large\"><a href=\"http:\/\/passeurspatrimoineplogonnec.fr\/wp-content\/uploads\/2026\/02\/IMG_1725-scaled.jpg\" target=\"_blank\" rel=\" noreferrer noopener\"><img loading=\"lazy\" decoding=\"async\" width=\"1024\" height=\"848\" data-id=\"5006\" src=\"https:\/\/passeurspatrimoineplogonnec.fr\/wp-content\/uploads\/2026\/02\/IMG_1725-1024x848.jpg\" alt=\"\" class=\"wp-image-5006\" srcset=\"https:\/\/passeurspatrimoineplogonnec.fr\/wp-content\/uploads\/2026\/02\/IMG_1725-1024x848.jpg 1024w, https:\/\/passeurspatrimoineplogonnec.fr\/wp-content\/uploads\/2026\/02\/IMG_1725-300x248.jpg 300w, https:\/\/passeurspatrimoineplogonnec.fr\/wp-content\/uploads\/2026\/02\/IMG_1725-768x636.jpg 768w, https:\/\/passeurspatrimoineplogonnec.fr\/wp-content\/uploads\/2026\/02\/IMG_1725-1536x1272.jpg 1536w, https:\/\/passeurspatrimoineplogonnec.fr\/wp-content\/uploads\/2026\/02\/IMG_1725-2048x1696.jpg 2048w\" sizes=\"auto, (max-width: 1024px) 100vw, 1024px\" \/><\/a><\/figure>\n\n\n\n<figure class=\"wp-block-image size-large\"><a href=\"http:\/\/passeurspatrimoineplogonnec.fr\/wp-content\/uploads\/2026\/02\/IMG_1727-scaled.jpg\" target=\"_blank\" rel=\" noreferrer noopener\"><img loading=\"lazy\" decoding=\"async\" width=\"1024\" height=\"614\" data-id=\"5004\" src=\"https:\/\/passeurspatrimoineplogonnec.fr\/wp-content\/uploads\/2026\/02\/IMG_1727-1024x614.jpg\" alt=\"\" class=\"wp-image-5004\" srcset=\"https:\/\/passeurspatrimoineplogonnec.fr\/wp-content\/uploads\/2026\/02\/IMG_1727-1024x614.jpg 1024w, https:\/\/passeurspatrimoineplogonnec.fr\/wp-content\/uploads\/2026\/02\/IMG_1727-300x180.jpg 300w, https:\/\/passeurspatrimoineplogonnec.fr\/wp-content\/uploads\/2026\/02\/IMG_1727-768x460.jpg 768w, https:\/\/passeurspatrimoineplogonnec.fr\/wp-content\/uploads\/2026\/02\/IMG_1727-1536x920.jpg 1536w, https:\/\/passeurspatrimoineplogonnec.fr\/wp-content\/uploads\/2026\/02\/IMG_1727-2048x1227.jpg 2048w\" sizes=\"auto, (max-width: 1024px) 100vw, 1024px\" \/><\/a><\/figure>\n\n\n\n<figure class=\"wp-block-image size-full\"><a href=\"http:\/\/passeurspatrimoineplogonnec.fr\/wp-content\/uploads\/2026\/02\/La-machine-a-vapeur-de-Pascal-Cotrenne.jpg\" target=\"_blank\" rel=\" noreferrer noopener\"><img decoding=\"async\" data-id=\"5005\" src=\"http:\/\/passeurspatrimoineplogonnec.fr\/wp-content\/uploads\/2026\/02\/La-machine-a-vapeur-de-Pascal-Cotrenne.jpg\" alt=\"\" class=\"wp-image-5005\"\/><\/a><\/figure>\n<\/figure>\n\n\n\n<p><strong>Pascal&nbsp;Cottrelle<\/strong>&nbsp;a expos\u00e9 sa machine \u00e0 vapeur lors de l&rsquo;expo \u00e0 l&rsquo;Arp\u00e8ge. Il \u00e9tait pratiquement en permanence&nbsp;sur le site&nbsp;car il y tient&nbsp;\u00e9norm\u00e9ment,&nbsp;qui lui a co\u00fbt\u00e9 dans les 20&nbsp;000 \u20ac&nbsp;(quand m\u00eame&nbsp;!),&nbsp;bien qu\u2019il ait fait tout lui-m\u00eame (il \u00e9tait tourneur-fraiseur de m\u00e9tier). Il a ainsi pu donner tous les d\u00e9tails de la fabrication aux amateurs.<\/p>\n\n\n\n<p>&nbsp;Pour la d\u00e9placer, un tracteur avec remorque a \u00e9t\u00e9 n\u00e9cessaire car la b\u00eate p\u00e8se dans les 250 kg.<\/p>\n\n\n\n<p>Il&nbsp;a de l\u2019or dans les mains&nbsp;!  Sa&nbsp;locomotive est exactement \u00e0 l\u2019\u00e9chelle de sa grande&nbsp;s\u0153ur.&nbsp;Elle fait plus d\u2019un m\u00e8tre de long.&nbsp;<\/p>\n\n\n\n<p>Tout y est, y compris la pelle pour mettre du charbon dans le foyer&nbsp;\u2013&nbsp;car elle fonctionne au charbon. Il peut la faire rouler sur une quinzaine de m\u00e8tres, car il n\u2019a pas plus&nbsp;de longueur&nbsp;de rails&nbsp;!<\/p>\n\n\n\n<p>Il a \u00e9galement fait une charrette de pompiers.<\/p>\n","protected":false},"excerpt":{"rendered":"<p>Pascal&nbsp;Cottrelle&nbsp;a expos\u00e9 sa machine \u00e0 vapeur lors de l&rsquo;expo \u00e0 l&rsquo;Arp\u00e8ge. Il \u00e9tait pratiquement en permanence&nbsp;sur le site&nbsp;car il y tient&nbsp;\u00e9norm\u00e9ment,&nbsp;qui lui a co\u00fbt\u00e9 dans les 20&nbsp;000 \u20ac&nbsp;(quand m\u00eame&nbsp;!),&nbsp;bien qu\u2019il ait fait tout lui-m\u00eame (il \u00e9tait tourneur-fraiseur de m\u00e9tier). Il &hellip; <a href=\"https:\/\/passeurspatrimoineplogonnec.fr\/?page_id=2803\">Continuer la lecture <span class=\"meta-nav\">&rarr;<\/span><\/a><\/p>\n","protected":false},"author":1,"featured_media":0,"parent":0,"menu_order":0,"comment_status":"closed","ping_status":"closed","template":"","meta":{"footnotes":""},"class_list":["post-2803","page","type-page","status-publish","hentry"],"yoast_head":"<!-- This site is optimized with the Yoast SEO plugin v27.4 - https:\/\/yoast.com\/product\/yoast-seo-wordpress\/ -->\n<title>La machine \u00e0 vapeur de Pascal Cottrelle. - Passeurs de Patrimoine de Plogonnec<\/title>\n<meta name=\"robots\" content=\"index, follow, max-snippet:-1, max-image-preview:large, max-video-preview:-1\" \/>\n<link rel=\"canonical\" href=\"https:\/\/passeurspatrimoineplogonnec.fr\/?page_id=2803\" \/>\n<meta property=\"og:locale\" content=\"fr_FR\" \/>\n<meta property=\"og:type\" content=\"article\" \/>\n<meta property=\"og:title\" content=\"La machine \u00e0 vapeur de Pascal Cottrelle. - Passeurs de Patrimoine de Plogonnec\" \/>\n<meta property=\"og:description\" content=\"Pascal&nbsp;Cottrelle&nbsp;a expos\u00e9 sa machine \u00e0 vapeur lors de l&rsquo;expo \u00e0 l&rsquo;Arp\u00e8ge. Il \u00e9tait pratiquement en permanence&nbsp;sur le site&nbsp;car il y tient&nbsp;\u00e9norm\u00e9ment,&nbsp;qui lui a co\u00fbt\u00e9 dans les 20&nbsp;000 \u20ac&nbsp;(quand m\u00eame&nbsp;!),&nbsp;bien qu\u2019il ait fait tout lui-m\u00eame (il \u00e9tait tourneur-fraiseur de m\u00e9tier). Il &hellip; Continuer la lecture &rarr;\" \/>\n<meta property=\"og:url\" content=\"https:\/\/passeurspatrimoineplogonnec.fr\/?page_id=2803\" \/>\n<meta property=\"og:site_name\" content=\"Passeurs de Patrimoine de Plogonnec\" \/>\n<meta property=\"article:modified_time\" content=\"2026-02-12T13:51:19+00:00\" \/>\n<meta property=\"og:image\" content=\"https:\/\/passeurspatrimoineplogonnec.fr\/wp-content\/uploads\/2023\/04\/2023-04-20-charrette-de-pompiers-Pascal-1.jpg\" \/>\n\t<meta property=\"og:image:width\" content=\"2517\" \/>\n\t<meta property=\"og:image:height\" content=\"1709\" \/>\n\t<meta property=\"og:image:type\" content=\"image\/jpeg\" \/>\n<meta name=\"twitter:card\" content=\"summary_large_image\" \/>\n<meta name=\"twitter:label1\" content=\"Dur\u00e9e de lecture estim\u00e9e\" \/>\n\t<meta name=\"twitter:data1\" content=\"5 minutes\" \/>\n<script type=\"application\/ld+json\" class=\"yoast-schema-graph\">{\"@context\":\"https:\\\/\\\/schema.org\",\"@graph\":[{\"@type\":\"WebPage\",\"@id\":\"https:\\\/\\\/passeurspatrimoineplogonnec.fr\\\/?page_id=2803\",\"url\":\"https:\\\/\\\/passeurspatrimoineplogonnec.fr\\\/?page_id=2803\",\"name\":\"La machine \u00e0 vapeur de Pascal Cottrelle. - Passeurs de Patrimoine de Plogonnec\",\"isPartOf\":{\"@id\":\"https:\\\/\\\/passeurspatrimoineplogonnec.fr\\\/#website\"},\"primaryImageOfPage\":{\"@id\":\"https:\\\/\\\/passeurspatrimoineplogonnec.fr\\\/?page_id=2803#primaryimage\"},\"image\":{\"@id\":\"https:\\\/\\\/passeurspatrimoineplogonnec.fr\\\/?page_id=2803#primaryimage\"},\"thumbnailUrl\":\"http:\\\/\\\/passeurspatrimoineplogonnec.fr\\\/wp-content\\\/uploads\\\/2023\\\/04\\\/2023-04-20-charrette-de-pompiers-Pascal-1-1024x695.jpg\",\"datePublished\":\"2023-04-24T07:31:58+00:00\",\"dateModified\":\"2026-02-12T13:51:19+00:00\",\"breadcrumb\":{\"@id\":\"https:\\\/\\\/passeurspatrimoineplogonnec.fr\\\/?page_id=2803#breadcrumb\"},\"inLanguage\":\"fr-FR\",\"potentialAction\":[{\"@type\":\"ReadAction\",\"target\":[\"https:\\\/\\\/passeurspatrimoineplogonnec.fr\\\/?page_id=2803\"]}]},{\"@type\":\"ImageObject\",\"inLanguage\":\"fr-FR\",\"@id\":\"https:\\\/\\\/passeurspatrimoineplogonnec.fr\\\/?page_id=2803#primaryimage\",\"url\":\"https:\\\/\\\/passeurspatrimoineplogonnec.fr\\\/wp-content\\\/uploads\\\/2023\\\/04\\\/2023-04-20-charrette-de-pompiers-Pascal-1.jpg\",\"contentUrl\":\"https:\\\/\\\/passeurspatrimoineplogonnec.fr\\\/wp-content\\\/uploads\\\/2023\\\/04\\\/2023-04-20-charrette-de-pompiers-Pascal-1.jpg\",\"width\":2517,\"height\":1709},{\"@type\":\"BreadcrumbList\",\"@id\":\"https:\\\/\\\/passeurspatrimoineplogonnec.fr\\\/?page_id=2803#breadcrumb\",\"itemListElement\":[{\"@type\":\"ListItem\",\"position\":1,\"name\":\"Accueil\",\"item\":\"https:\\\/\\\/passeurspatrimoineplogonnec.fr\\\/\"},{\"@type\":\"ListItem\",\"position\":2,\"name\":\"La machine \u00e0 vapeur de Pascal Cottrelle.\"}]},{\"@type\":\"WebSite\",\"@id\":\"https:\\\/\\\/passeurspatrimoineplogonnec.fr\\\/#website\",\"url\":\"https:\\\/\\\/passeurspatrimoineplogonnec.fr\\\/\",\"name\":\"Passeurs de Patrimoine de Plogonnec\",\"description\":\"\",\"potentialAction\":[{\"@type\":\"SearchAction\",\"target\":{\"@type\":\"EntryPoint\",\"urlTemplate\":\"https:\\\/\\\/passeurspatrimoineplogonnec.fr\\\/?s={search_term_string}\"},\"query-input\":{\"@type\":\"PropertyValueSpecification\",\"valueRequired\":true,\"valueName\":\"search_term_string\"}}],\"inLanguage\":\"fr-FR\"}]}<\/script>\n<!-- \/ Yoast SEO plugin. -->","yoast_head_json":{"title":"La machine \u00e0 vapeur de Pascal Cottrelle. - Passeurs de Patrimoine de Plogonnec","robots":{"index":"index","follow":"follow","max-snippet":"max-snippet:-1","max-image-preview":"max-image-preview:large","max-video-preview":"max-video-preview:-1"},"canonical":"https:\/\/passeurspatrimoineplogonnec.fr\/?page_id=2803","og_locale":"fr_FR","og_type":"article","og_title":"La machine \u00e0 vapeur de Pascal Cottrelle. - Passeurs de Patrimoine de Plogonnec","og_description":"Pascal&nbsp;Cottrelle&nbsp;a expos\u00e9 sa machine \u00e0 vapeur lors de l&rsquo;expo \u00e0 l&rsquo;Arp\u00e8ge. Il \u00e9tait pratiquement en permanence&nbsp;sur le site&nbsp;car il y tient&nbsp;\u00e9norm\u00e9ment,&nbsp;qui lui a co\u00fbt\u00e9 dans les 20&nbsp;000 \u20ac&nbsp;(quand m\u00eame&nbsp;!),&nbsp;bien qu\u2019il ait fait tout lui-m\u00eame (il \u00e9tait tourneur-fraiseur de m\u00e9tier). Il &hellip; Continuer la lecture &rarr;","og_url":"https:\/\/passeurspatrimoineplogonnec.fr\/?page_id=2803","og_site_name":"Passeurs de Patrimoine de Plogonnec","article_modified_time":"2026-02-12T13:51:19+00:00","og_image":[{"width":2517,"height":1709,"url":"https:\/\/passeurspatrimoineplogonnec.fr\/wp-content\/uploads\/2023\/04\/2023-04-20-charrette-de-pompiers-Pascal-1.jpg","type":"image\/jpeg"}],"twitter_card":"summary_large_image","twitter_misc":{"Dur\u00e9e de lecture estim\u00e9e":"5 minutes"},"schema":{"@context":"https:\/\/schema.org","@graph":[{"@type":"WebPage","@id":"https:\/\/passeurspatrimoineplogonnec.fr\/?page_id=2803","url":"https:\/\/passeurspatrimoineplogonnec.fr\/?page_id=2803","name":"La machine \u00e0 vapeur de Pascal Cottrelle. - Passeurs de Patrimoine de Plogonnec","isPartOf":{"@id":"https:\/\/passeurspatrimoineplogonnec.fr\/#website"},"primaryImageOfPage":{"@id":"https:\/\/passeurspatrimoineplogonnec.fr\/?page_id=2803#primaryimage"},"image":{"@id":"https:\/\/passeurspatrimoineplogonnec.fr\/?page_id=2803#primaryimage"},"thumbnailUrl":"http:\/\/passeurspatrimoineplogonnec.fr\/wp-content\/uploads\/2023\/04\/2023-04-20-charrette-de-pompiers-Pascal-1-1024x695.jpg","datePublished":"2023-04-24T07:31:58+00:00","dateModified":"2026-02-12T13:51:19+00:00","breadcrumb":{"@id":"https:\/\/passeurspatrimoineplogonnec.fr\/?page_id=2803#breadcrumb"},"inLanguage":"fr-FR","potentialAction":[{"@type":"ReadAction","target":["https:\/\/passeurspatrimoineplogonnec.fr\/?page_id=2803"]}]},{"@type":"ImageObject","inLanguage":"fr-FR","@id":"https:\/\/passeurspatrimoineplogonnec.fr\/?page_id=2803#primaryimage","url":"https:\/\/passeurspatrimoineplogonnec.fr\/wp-content\/uploads\/2023\/04\/2023-04-20-charrette-de-pompiers-Pascal-1.jpg","contentUrl":"https:\/\/passeurspatrimoineplogonnec.fr\/wp-content\/uploads\/2023\/04\/2023-04-20-charrette-de-pompiers-Pascal-1.jpg","width":2517,"height":1709},{"@type":"BreadcrumbList","@id":"https:\/\/passeurspatrimoineplogonnec.fr\/?page_id=2803#breadcrumb","itemListElement":[{"@type":"ListItem","position":1,"name":"Accueil","item":"https:\/\/passeurspatrimoineplogonnec.fr\/"},{"@type":"ListItem","position":2,"name":"La machine \u00e0 vapeur de Pascal Cottrelle."}]},{"@type":"WebSite","@id":"https:\/\/passeurspatrimoineplogonnec.fr\/#website","url":"https:\/\/passeurspatrimoineplogonnec.fr\/","name":"Passeurs de Patrimoine de Plogonnec","description":"","potentialAction":[{"@type":"SearchAction","target":{"@type":"EntryPoint","urlTemplate":"https:\/\/passeurspatrimoineplogonnec.fr\/?s={search_term_string}"},"query-input":{"@type":"PropertyValueSpecification","valueRequired":true,"valueName":"search_term_string"}}],"inLanguage":"fr-FR"}]}},"_links":{"self":[{"href":"https:\/\/passeurspatrimoineplogonnec.fr\/index.php?rest_route=\/wp\/v2\/pages\/2803","targetHints":{"allow":["GET"]}}],"collection":[{"href":"https:\/\/passeurspatrimoineplogonnec.fr\/index.php?rest_route=\/wp\/v2\/pages"}],"about":[{"href":"https:\/\/passeurspatrimoineplogonnec.fr\/index.php?rest_route=\/wp\/v2\/types\/page"}],"author":[{"embeddable":true,"href":"https:\/\/passeurspatrimoineplogonnec.fr\/index.php?rest_route=\/wp\/v2\/users\/1"}],"replies":[{"embeddable":true,"href":"https:\/\/passeurspatrimoineplogonnec.fr\/index.php?rest_route=%2Fwp%2Fv2%2Fcomments&post=2803"}],"version-history":[{"count":25,"href":"https:\/\/passeurspatrimoineplogonnec.fr\/index.php?rest_route=\/wp\/v2\/pages\/2803\/revisions"}],"predecessor-version":[{"id":5011,"href":"https:\/\/passeurspatrimoineplogonnec.fr\/index.php?rest_route=\/wp\/v2\/pages\/2803\/revisions\/5011"}],"wp:attachment":[{"href":"https:\/\/passeurspatrimoineplogonnec.fr\/index.php?rest_route=%2Fwp%2Fv2%2Fmedia&parent=2803"}],"curies":[{"name":"wp","href":"https:\/\/api.w.org\/{rel}","templated":true}]}}