{"id":4183,"date":"2024-03-10T15:09:32","date_gmt":"2024-03-10T14:09:32","guid":{"rendered":"https:\/\/passeurspatrimoineplogonnec.fr\/?page_id=4183"},"modified":"2024-03-10T15:38:49","modified_gmt":"2024-03-10T14:38:49","slug":"communaute-de-destin-de-alain-fily-et-jean-louis-louarn","status":"publish","type":"page","link":"https:\/\/passeurspatrimoineplogonnec.fr\/?page_id=4183","title":{"rendered":"Communaut\u00e9 de destin de Alain FILY et Jean-Louis LOUARN"},"content":{"rendered":"\n<p class=\"has-text-align-center\">-=!=-<\/p>\n\n\n\n<p>Alain FILY est n\u00e9 21 juin 1921 \u00e0 Kererven en Plogonnec, bachelier \u00e0 17 ans, il int\u00e8gre le coll\u00e8ge naval de Brest, en 1940 \u00e9l\u00e8ve ing\u00e9nieur en 3\u00e8me ann\u00e9e, licenci\u00e9 es-science et math\u00e9matique, parlant l\u2019anglais et l\u2019espagnol. Il \u00e9tait destin\u00e9 \u00e0 une brillante carri\u00e8re.<\/p>\n\n\n\n<p>La d\u00e9faite de l\u2019Arm\u00e9e Fran\u00e7aise et la signature de l\u2019Armistice sont pour lui un vrai d\u00e9chirement. Le 11 novembre 1940, en compagnie de quelques aspirants-officiers, il fleurit les tombes d\u2019aviateurs Anglais. Ce geste lui vaudra l\u2019exclusion du coll\u00e8ge naval.<\/p>\n\n\n\n<p>Jean-Louis LOUARN est n\u00e9 le 22 f\u00e9vrier 1915 \u00e0 Kervao Vian en Plogonnec, pupille de la nation, son p\u00e8re ayant \u00e9t\u00e9 tu\u00e9 lors de la guerre 14\/18. Jean-Louis \u00e9pouse Anna-Marie Mo\u00ebnner le 29 ao\u00fbt 1941, le couple s\u2019installe 21 chemin Vigouroux \u00e0 Kerfeunteun, en 1942 un fils na\u00eetra de cette union, Michel qui r\u00e9side en r\u00e9gion parisienne. Jean-Louis exercera la profession de cordonnier.<\/p>\n\n\n\n<p>D\u00e8s 1940, Alain prendra contact avec les Forces Fran\u00e7aises Libres de Londres, promu capitaine il se verra confi\u00e9 la mission de former un corps franc. Il recrute des hommes s\u00fbrs et forme une compagnie du \u00ab R\u00e9seau Vengeance \u00bb.<\/p>\n\n\n\n<p>Jean-Louis, attendra 1943 pour int\u00e9grer les \u00ab Francs Tireurs Partisans \u00bb dont les membres sont pour la plupart issus du Parti Communiste.<\/p>\n\n\n\n<p>Tous les deux participeront \u00e0 des actions de sabotage et de harc\u00e8lement des troupes d\u2019occupation. Alain, officier en lien direct avec Londres communiquera des renseignements sur les travaux de construction du \u00ab Mur de l\u2019Atlantique \u00bb et sur les mouvements de troupes.<\/p>\n\n\n\n<p>Jean-Louis fut arr\u00eat\u00e9 par la Gestapo le 18 mai 1944 \u00e0 Kerfeunteun.<\/p>\n\n\n\n<p>Alain fut arr\u00eat\u00e9 par la Feldgendarmerie le 20 mai 1944 \u00e0 Cast.<\/p>\n\n\n\n<p>Ils furent tous les deux emprisonn\u00e9s \u00e0 la prison Saint-Charles de Quimper.<\/p>\n\n\n\n<p>Ils furent tous les deux transf\u00e9r\u00e9s \u00e0 Rennes, par le m\u00eame convoi.<\/p>\n\n\n\n<p>Ils furent tous les deux condamn\u00e9s par le tribunal militaire allemand \u00e0 la m\u00eame peine de travaux forc\u00e9s. Sur les ordres d\u2019Hitler, les R\u00e9sistants arr\u00eat\u00e9s ne seraient plus ex\u00e9cut\u00e9s, mais condamn\u00e9s \u00e0 mourir de privation et d\u2019\u00e9puisement, au service de la machine de guerre du III\u00e8me Reich. C\u2019est ce que les Nazis appelaient \u00ab Nach und Nebel \u00bb, plus connue sous son vocable \u00ab Nuit et Brouillard \u00bb.<\/p>\n\n\n\n<p>Ils prirent le dernier convoi de d\u00e9port\u00e9s qui quitta Rennes le 3 ao\u00fbt 1944. Convoi connu sous le nom de \u00ab convoi de Langeais \u00bb, qui mit un mois pour arriver \u00e0 sa destination, le 2 septembre.<\/p>\n\n\n\n<p>Le lendemain du d\u00e9part du convoi, le 4 ao\u00fbt 1944, les troupes am\u00e9ricaines, du G\u00e9n\u00e9ral Patton, lib\u00e9r\u00e8rent la ville de Rennes, ce qui ajoute \u00e0 la dramaturgie de ces deux destin\u00e9es.<\/p>\n\n\n\n<p>Alain est mort le 16 avril 1945, d\u2019\u00e9puisement lors de la marche d\u2019\u00e9vacuation du camp de Willenshavem.<\/p>\n\n\n\n<p>Jean-Louis est mort le 2 mai 1945, de mauvais traitements et d\u2019\u00e9puisement au camp de Sambostel.<\/p>\n\n\n\n<p>Nos deux compatriotes ont \u00e9t\u00e9 victimes de la \u00ab solution finale \u00bb, dix mois suffirent \u00e0 faire mourir deux hommes dans la pleine force de l\u2019\u00e2ge, 23 ans pour Alain, 29 ans pour Jean-Louis.<\/p>\n\n\n\n<p class=\"has-text-align-center\"><strong>\u00ab Leurs sacrifices nous obligent \u00bb<\/strong><\/p>\n","protected":false},"excerpt":{"rendered":"<p>-=!=- Alain FILY est n\u00e9 21 juin 1921 \u00e0 Kererven en Plogonnec, bachelier \u00e0 17 ans, il int\u00e8gre le coll\u00e8ge naval de Brest, en 1940 \u00e9l\u00e8ve ing\u00e9nieur en 3\u00e8me ann\u00e9e, licenci\u00e9 es-science et math\u00e9matique, parlant l\u2019anglais et l\u2019espagnol. Il \u00e9tait &hellip; <a href=\"https:\/\/passeurspatrimoineplogonnec.fr\/?page_id=4183\">Continuer la lecture <span class=\"meta-nav\">&rarr;<\/span><\/a><\/p>\n","protected":false},"author":1,"featured_media":0,"parent":0,"menu_order":0,"comment_status":"closed","ping_status":"closed","template":"","meta":{"footnotes":""},"class_list":["post-4183","page","type-page","status-publish","hentry"],"yoast_head":"<!-- This site is optimized with the Yoast SEO plugin v27.4 - https:\/\/yoast.com\/product\/yoast-seo-wordpress\/ -->\n<title>Communaut\u00e9 de destin de Alain FILY et Jean-Louis LOUARN - Passeurs de Patrimoine de Plogonnec<\/title>\n<meta name=\"robots\" content=\"index, follow, max-snippet:-1, max-image-preview:large, max-video-preview:-1\" \/>\n<link rel=\"canonical\" href=\"https:\/\/passeurspatrimoineplogonnec.fr\/?page_id=4183\" \/>\n<meta property=\"og:locale\" content=\"fr_FR\" \/>\n<meta property=\"og:type\" content=\"article\" \/>\n<meta property=\"og:title\" content=\"Communaut\u00e9 de destin de Alain FILY et Jean-Louis LOUARN - Passeurs de Patrimoine de Plogonnec\" \/>\n<meta property=\"og:description\" content=\"-=!=- Alain FILY est n\u00e9 21 juin 1921 \u00e0 Kererven en Plogonnec, bachelier \u00e0 17 ans, il int\u00e8gre le coll\u00e8ge naval de Brest, en 1940 \u00e9l\u00e8ve ing\u00e9nieur en 3\u00e8me ann\u00e9e, licenci\u00e9 es-science et math\u00e9matique, parlant l\u2019anglais et l\u2019espagnol. Il \u00e9tait &hellip; Continuer la lecture &rarr;\" \/>\n<meta property=\"og:url\" content=\"https:\/\/passeurspatrimoineplogonnec.fr\/?page_id=4183\" \/>\n<meta property=\"og:site_name\" content=\"Passeurs de Patrimoine de Plogonnec\" \/>\n<meta property=\"article:modified_time\" content=\"2024-03-10T14:38:49+00:00\" \/>\n<meta name=\"twitter:card\" content=\"summary_large_image\" \/>\n<meta name=\"twitter:label1\" content=\"Dur\u00e9e de lecture estim\u00e9e\" \/>\n\t<meta name=\"twitter:data1\" content=\"3 minutes\" \/>\n<script type=\"application\/ld+json\" class=\"yoast-schema-graph\">{\"@context\":\"https:\\\/\\\/schema.org\",\"@graph\":[{\"@type\":\"WebPage\",\"@id\":\"https:\\\/\\\/passeurspatrimoineplogonnec.fr\\\/?page_id=4183\",\"url\":\"https:\\\/\\\/passeurspatrimoineplogonnec.fr\\\/?page_id=4183\",\"name\":\"Communaut\u00e9 de destin de Alain FILY et Jean-Louis LOUARN - Passeurs de Patrimoine de Plogonnec\",\"isPartOf\":{\"@id\":\"https:\\\/\\\/passeurspatrimoineplogonnec.fr\\\/#website\"},\"datePublished\":\"2024-03-10T14:09:32+00:00\",\"dateModified\":\"2024-03-10T14:38:49+00:00\",\"breadcrumb\":{\"@id\":\"https:\\\/\\\/passeurspatrimoineplogonnec.fr\\\/?page_id=4183#breadcrumb\"},\"inLanguage\":\"fr-FR\",\"potentialAction\":[{\"@type\":\"ReadAction\",\"target\":[\"https:\\\/\\\/passeurspatrimoineplogonnec.fr\\\/?page_id=4183\"]}]},{\"@type\":\"BreadcrumbList\",\"@id\":\"https:\\\/\\\/passeurspatrimoineplogonnec.fr\\\/?page_id=4183#breadcrumb\",\"itemListElement\":[{\"@type\":\"ListItem\",\"position\":1,\"name\":\"Accueil\",\"item\":\"https:\\\/\\\/passeurspatrimoineplogonnec.fr\\\/\"},{\"@type\":\"ListItem\",\"position\":2,\"name\":\"Communaut\u00e9 de destin de Alain FILY et Jean-Louis LOUARN\"}]},{\"@type\":\"WebSite\",\"@id\":\"https:\\\/\\\/passeurspatrimoineplogonnec.fr\\\/#website\",\"url\":\"https:\\\/\\\/passeurspatrimoineplogonnec.fr\\\/\",\"name\":\"Passeurs de Patrimoine de Plogonnec\",\"description\":\"\",\"potentialAction\":[{\"@type\":\"SearchAction\",\"target\":{\"@type\":\"EntryPoint\",\"urlTemplate\":\"https:\\\/\\\/passeurspatrimoineplogonnec.fr\\\/?s={search_term_string}\"},\"query-input\":{\"@type\":\"PropertyValueSpecification\",\"valueRequired\":true,\"valueName\":\"search_term_string\"}}],\"inLanguage\":\"fr-FR\"}]}<\/script>\n<!-- \/ Yoast SEO plugin. -->","yoast_head_json":{"title":"Communaut\u00e9 de destin de Alain FILY et Jean-Louis LOUARN - Passeurs de Patrimoine de Plogonnec","robots":{"index":"index","follow":"follow","max-snippet":"max-snippet:-1","max-image-preview":"max-image-preview:large","max-video-preview":"max-video-preview:-1"},"canonical":"https:\/\/passeurspatrimoineplogonnec.fr\/?page_id=4183","og_locale":"fr_FR","og_type":"article","og_title":"Communaut\u00e9 de destin de Alain FILY et Jean-Louis LOUARN - Passeurs de Patrimoine de Plogonnec","og_description":"-=!=- Alain FILY est n\u00e9 21 juin 1921 \u00e0 Kererven en Plogonnec, bachelier \u00e0 17 ans, il int\u00e8gre le coll\u00e8ge naval de Brest, en 1940 \u00e9l\u00e8ve ing\u00e9nieur en 3\u00e8me ann\u00e9e, licenci\u00e9 es-science et math\u00e9matique, parlant l\u2019anglais et l\u2019espagnol. Il \u00e9tait &hellip; Continuer la lecture &rarr;","og_url":"https:\/\/passeurspatrimoineplogonnec.fr\/?page_id=4183","og_site_name":"Passeurs de Patrimoine de Plogonnec","article_modified_time":"2024-03-10T14:38:49+00:00","twitter_card":"summary_large_image","twitter_misc":{"Dur\u00e9e de lecture estim\u00e9e":"3 minutes"},"schema":{"@context":"https:\/\/schema.org","@graph":[{"@type":"WebPage","@id":"https:\/\/passeurspatrimoineplogonnec.fr\/?page_id=4183","url":"https:\/\/passeurspatrimoineplogonnec.fr\/?page_id=4183","name":"Communaut\u00e9 de destin de Alain FILY et Jean-Louis LOUARN - Passeurs de Patrimoine de Plogonnec","isPartOf":{"@id":"https:\/\/passeurspatrimoineplogonnec.fr\/#website"},"datePublished":"2024-03-10T14:09:32+00:00","dateModified":"2024-03-10T14:38:49+00:00","breadcrumb":{"@id":"https:\/\/passeurspatrimoineplogonnec.fr\/?page_id=4183#breadcrumb"},"inLanguage":"fr-FR","potentialAction":[{"@type":"ReadAction","target":["https:\/\/passeurspatrimoineplogonnec.fr\/?page_id=4183"]}]},{"@type":"BreadcrumbList","@id":"https:\/\/passeurspatrimoineplogonnec.fr\/?page_id=4183#breadcrumb","itemListElement":[{"@type":"ListItem","position":1,"name":"Accueil","item":"https:\/\/passeurspatrimoineplogonnec.fr\/"},{"@type":"ListItem","position":2,"name":"Communaut\u00e9 de destin de Alain FILY et Jean-Louis LOUARN"}]},{"@type":"WebSite","@id":"https:\/\/passeurspatrimoineplogonnec.fr\/#website","url":"https:\/\/passeurspatrimoineplogonnec.fr\/","name":"Passeurs de Patrimoine de Plogonnec","description":"","potentialAction":[{"@type":"SearchAction","target":{"@type":"EntryPoint","urlTemplate":"https:\/\/passeurspatrimoineplogonnec.fr\/?s={search_term_string}"},"query-input":{"@type":"PropertyValueSpecification","valueRequired":true,"valueName":"search_term_string"}}],"inLanguage":"fr-FR"}]}},"_links":{"self":[{"href":"https:\/\/passeurspatrimoineplogonnec.fr\/index.php?rest_route=\/wp\/v2\/pages\/4183","targetHints":{"allow":["GET"]}}],"collection":[{"href":"https:\/\/passeurspatrimoineplogonnec.fr\/index.php?rest_route=\/wp\/v2\/pages"}],"about":[{"href":"https:\/\/passeurspatrimoineplogonnec.fr\/index.php?rest_route=\/wp\/v2\/types\/page"}],"author":[{"embeddable":true,"href":"https:\/\/passeurspatrimoineplogonnec.fr\/index.php?rest_route=\/wp\/v2\/users\/1"}],"replies":[{"embeddable":true,"href":"https:\/\/passeurspatrimoineplogonnec.fr\/index.php?rest_route=%2Fwp%2Fv2%2Fcomments&post=4183"}],"version-history":[{"count":4,"href":"https:\/\/passeurspatrimoineplogonnec.fr\/index.php?rest_route=\/wp\/v2\/pages\/4183\/revisions"}],"predecessor-version":[{"id":4190,"href":"https:\/\/passeurspatrimoineplogonnec.fr\/index.php?rest_route=\/wp\/v2\/pages\/4183\/revisions\/4190"}],"wp:attachment":[{"href":"https:\/\/passeurspatrimoineplogonnec.fr\/index.php?rest_route=%2Fwp%2Fv2%2Fmedia&parent=4183"}],"curies":[{"name":"wp","href":"https:\/\/api.w.org\/{rel}","templated":true}]}}