{"id":428,"date":"2021-12-03T14:27:41","date_gmt":"2021-12-03T13:27:41","guid":{"rendered":"http:\/\/passeurspatrimoineplogonnec.fr\/?page_id=428"},"modified":"2023-11-12T12:33:16","modified_gmt":"2023-11-12T11:33:16","slug":"les-maires-de-plogonnec","status":"publish","type":"page","link":"https:\/\/passeurspatrimoineplogonnec.fr\/?page_id=428","title":{"rendered":"Les maires de Plogonnec"},"content":{"rendered":"\n<p><\/p>\n\n\n\n<p><strong>Les maires de Plogonnec de 1789 \u00e0 nos jours<\/strong><\/p>\n\n\n\n<p><\/p>\n\n\n\n<figure class=\"wp-block-table\"><table><tbody><tr><td>1 <\/td><td>Ren\u00e9 Louboutin + ancien syndic de la paroisse<\/td><td>00\/12\/1789 &#8211; 02\/11\/1790<\/td><td><\/td><\/tr><tr><td><\/td><td>Vacance<\/td><td>02\/11\/1790 &#8211; 14\/11\/1790<\/td><td><\/td><\/tr><tr><td>2<\/td><td>Louis Boulbria, de Kerangoff, paysan<\/td><td>14\/11\/1790 &#8211; 13\/11\/1791<\/td><td><\/td><\/tr><tr><td>3<\/td><td>Herv\u00e9 Seznec, de Garlan, paysan, 1\u00e8re fois, invalid\u00e9<\/td><td>13\/11\/1791 &#8211; 08\/12\/1791<\/td><td><\/td><\/tr><tr><td><\/td><td>Vacance<\/td><td>08\/12\/1791 &#8211; 12\/12\/1791<\/td><td><\/td><\/tr><tr><td>4<\/td><td>Jean L\u2019Ollivier, de Kerangall, paysan<\/td><td>12\/12\/1791 &#8211; 09\/12\/1792<\/td><td><\/td><\/tr><tr><td>5<\/td><td>Vincent Le Gall, de Saint Pierre Coat-N\u00e9vet, paysan<\/td><td>09\/12\/1792 &#8211; 16\/11\/1795<\/td><td>25 brumaire IV<\/td><\/tr><tr><td>6<\/td><td>Ren\u00e9 Le Joncour (agent municipal), du Bourg, d\u00e9missionne<\/td><td>16\/11\/1795 &#8211; 24\/11\/1795<\/td><td>25 brumaire IV &#8211; 3 frimaire IV<\/td><\/tr><tr><td>7<\/td><td>Herv\u00e9 Le Floch (agent municipal) de Quenquis, r\u00e9cus\u00e9<\/td><td>24\/11\/1795 &#8211; 24\/11\/1795<\/td><td>3 frimaire IV &#8211; 3 frimaire IV<\/td><\/tr><tr><td>6<\/td><td>Ren\u00e9 Le Joncour, r\u00e9install\u00e9<\/td><td>24\/11\/1795 &#8211; 04\/04\/1797<\/td><td>3 frimaire IV &#8211; 15 germinal V<\/td><\/tr><tr><td>8<\/td><td>Jean Le Grand, de Kernou, paysan, d\u00e9missionne<\/td><td>04\/04\/1797 &#8211; 29\/03\/1798<\/td><td>15 germinal V &#8211; 09 germinal VI<\/td><\/tr><tr><td><\/td><td>Vacance<\/td><td>29\/03\/1798 &#8211; 01\/04\/1798<\/td><td>9 germinal VI &#8211; 12 germinal VI<\/td><\/tr><tr><td>9<\/td><td>J\u00e9r\u00f4me Le Dou\u00e9rin, de Kertanguy, paysan<\/td><td>01\/04\/1798 &#8211; 28\/11\/1798<\/td><td>12 germinal VI &#8211; 07 frimaire VII<\/td><\/tr><tr><td><\/td><td>Vacance<\/td><td>28\/11\/1798 &#8211; 21\/12\/1798<\/td><td>07 frimaire VII &#8211; 01 nivose VII<\/td><\/tr><tr><td>10<\/td><td>Herv\u00e9 Le Floc\u2019h, de Penquer, paysan<\/td><td>21\/12\/1798 &#8211; 20\/04\/1799<\/td><td>01 niv\u00f4se VII &#8211; 01 flor\u00e9al VII<\/td><\/tr><tr><td>11<\/td><td>Herv\u00e9 Seznec, de Garlan, paysan, 2\u00e8me fois<\/td><td>20\/04\/1799 &#8211; 12\/06\/1800<\/td><td>01 flor\u00e9al VII &#8211; 23 prairial VIII<\/td><\/tr><tr><td><\/td><td>Vacance<\/td><td>12\/06\/1800 &#8211; 30\/06\/1800<\/td><td>23 prairial VIII-10 messidor VIII<\/td><\/tr><tr><td>12<\/td><td>Henry Damey, militaire retir\u00e9, abandonne<\/td><td>30\/06\/1800 &#8211;<\/td><td>10 messidor VIII &#8211; 08\/12\/1814<\/td><\/tr><tr><td>13<\/td><td>Ren\u00e9 Le Berre, de Keror\u00e9dan, paysan, par int\u00e9rim<\/td><td>08\/12\/1814 &#8211; 13\/02\/1815<\/td><td><\/td><\/tr><tr><td>14<\/td><td>Yves Coadou, de Seznec, paysan, d\u00e9missionne<\/td><td>13\/02\/1815 &#8211; 14\/01\/1816<\/td><td><\/td><\/tr><tr><td>15<\/td><td>Jean-Marie Coadou, d\u00e9missionne<\/td><td>14\/01\/1816 &#8211; 30\/08\/1816<\/td><td><\/td><\/tr><tr><td>16<\/td><td>Guillaume H\u00e9naff, de Lezoudoar\u00e9, paysan<\/td><td>30\/08\/1816 &#8211; 26\/12\/1837<\/td><td><\/td><\/tr><tr><td>17<\/td><td>Ren\u00e9 Philippe, de Penaprat, paysan<\/td><td>26\/12\/1837 &#8211; 03\/10\/1847<\/td><td><\/td><\/tr><tr><td>18<\/td><td>Herv\u00e9 Le H\u00e9naff, de Kervolzet, paysan, d\u00e9missionne<\/td><td>03\/10\/1847 &#8211; 23\/01\/1867<\/td><td><\/td><\/tr><tr><td>19<\/td><td>Guillaume Louboutin, de Keradilly Vras, paysan<\/td><td>23\/01\/1867 &#8211; 16\/06\/1872<\/td><td><\/td><\/tr><tr><td>20<\/td><td>Nicolas-Marie Le Qu\u00e9au, de Kereil, paysan<\/td><td>16\/06\/1872 &#8211; 20\/05\/1896<\/td><td><\/td><\/tr><tr><td>21<\/td><td>Henry-Marie Damey p\u00e8re, du Bourg, notaire<\/td><td>20\/05\/1896 &#8211; 10\/12\/1919<\/td><td><\/td><\/tr><tr><td>22<\/td><td>Henry Damey fils, juge d\u2019instruction, 1\u00e8re fois, du Bourg<\/td><td>10\/12\/1919 &#8211; 17\/05\/1925<\/td><td><\/td><\/tr><tr><td>23<\/td><td>Jean-Marie Coadou, du Vern, paysan<\/td><td>17\/05\/1925 &#8211; 19\/05\/1929<\/td><td><\/td><\/tr><tr><td>24<\/td><td>Henry Damey fils, 2\u00e8me fois, du Bourg<\/td><td>19\/05\/1929 &#8211; 10\/05\/1941<\/td><td><\/td><\/tr><tr><td>25<\/td><td>Vincent Boussard, de Kerganap\u00e9, paysan, d\u00e9sign\u00e9<\/td><td>10\/05\/1941 &#8211; 05\/11\/1944<\/td><td><\/td><\/tr><tr><td>26<\/td><td>Charles Damey, pr\u00e9sident de la d\u00e9l\u00e9gation sp\u00e9ciale, rentier<\/td><td>05\/11\/1944 &#8211; 06\/05\/1945<\/td><td><\/td><\/tr><tr><td>27<\/td><td>Jean-Louis Philippe, de Staven, paysan<\/td><td>06\/05\/1945 &#8211; 26\/10\/1947<\/td><td><\/td><\/tr><tr><td>28<\/td><td>Herv\u00e9 Le Floc\u2019h, commer\u00e7ant, du Bourg<\/td><td>26\/10\/1947 &#8211; 28\/03\/1971<\/td><td><\/td><\/tr><tr><td>29<\/td><td>Jean Philippe, commer\u00e7ant, du Bourg<\/td><td>28\/03\/1971 &#8211; 20\/03\/1983<\/td><td><\/td><\/tr><tr><td>30<\/td><td>Jean-Marie Dou\u00e9rin, de Kertanguy, paysan<\/td><td>20\/03\/1983 &#8211; 25\/03\/1989<\/td><td><\/td><\/tr><tr><td>31<\/td><td>Jean-Ren\u00e9 Hasco\u00ebt, de Keryacob, paysan<\/td><td>25\/03\/1989 &#8211; 17\/03\/2001<\/td><td><\/td><\/tr><tr><td>32<\/td><td>Jean-Yves Henry, de Bascam, cadre d\u2019entreprise<\/td><td>17\/03\/2001 &#8211; 11\/03\/2008<\/td><td><\/td><\/tr><tr><td>33<\/td><td>Christian Keribin, du Croeziou, cadre bancaire<\/td><td>11\/03\/2008 &#8211;<br>24\/05\/2020<\/td><td><\/td><\/tr><tr><td>34<\/td><td>Didier Leroy, de Kerivoal cadre d&rsquo;entreprise<\/td><td>24\/05\/2020-<\/td><td><\/td><\/tr><\/tbody><\/table><\/figure>\n\n\n\n<p class=\"has-text-align-right\">Andr\u00e9 Bozec<\/p>\n","protected":false},"excerpt":{"rendered":"<p>Les maires de Plogonnec de 1789 \u00e0 nos jours 1 Ren\u00e9 Louboutin + ancien syndic de la paroisse 00\/12\/1789 &#8211; 02\/11\/1790 Vacance 02\/11\/1790 &#8211; 14\/11\/1790 2 Louis Boulbria, de Kerangoff, paysan 14\/11\/1790 &#8211; 13\/11\/1791 3 Herv\u00e9 Seznec, de Garlan, paysan, &hellip; <a href=\"https:\/\/passeurspatrimoineplogonnec.fr\/?page_id=428\">Continuer la lecture <span class=\"meta-nav\">&rarr;<\/span><\/a><\/p>\n","protected":false},"author":1,"featured_media":0,"parent":0,"menu_order":0,"comment_status":"closed","ping_status":"closed","template":"","meta":{"footnotes":""},"class_list":["post-428","page","type-page","status-publish","hentry"],"yoast_head":"<!-- This site is optimized with the Yoast SEO plugin v27.4 - https:\/\/yoast.com\/product\/yoast-seo-wordpress\/ -->\n<title>Les maires de Plogonnec - Passeurs de Patrimoine de Plogonnec<\/title>\n<meta name=\"robots\" content=\"index, follow, max-snippet:-1, max-image-preview:large, max-video-preview:-1\" \/>\n<link rel=\"canonical\" href=\"https:\/\/passeurspatrimoineplogonnec.fr\/?page_id=428\" \/>\n<meta property=\"og:locale\" content=\"fr_FR\" \/>\n<meta property=\"og:type\" content=\"article\" \/>\n<meta property=\"og:title\" content=\"Les maires de Plogonnec - Passeurs de Patrimoine de Plogonnec\" \/>\n<meta property=\"og:description\" content=\"Les maires de Plogonnec de 1789 \u00e0 nos jours 1 Ren\u00e9 Louboutin + ancien syndic de la paroisse 00\/12\/1789 &#8211; 02\/11\/1790 Vacance 02\/11\/1790 &#8211; 14\/11\/1790 2 Louis Boulbria, de Kerangoff, paysan 14\/11\/1790 &#8211; 13\/11\/1791 3 Herv\u00e9 Seznec, de Garlan, paysan, &hellip; Continuer la lecture &rarr;\" \/>\n<meta property=\"og:url\" content=\"https:\/\/passeurspatrimoineplogonnec.fr\/?page_id=428\" \/>\n<meta property=\"og:site_name\" content=\"Passeurs de Patrimoine de Plogonnec\" \/>\n<meta property=\"article:modified_time\" content=\"2023-11-12T11:33:16+00:00\" \/>\n<meta name=\"twitter:card\" content=\"summary_large_image\" \/>\n<meta name=\"twitter:label1\" content=\"Dur\u00e9e de lecture estim\u00e9e\" \/>\n\t<meta name=\"twitter:data1\" content=\"2 minutes\" \/>\n<script type=\"application\/ld+json\" class=\"yoast-schema-graph\">{\"@context\":\"https:\\\/\\\/schema.org\",\"@graph\":[{\"@type\":\"WebPage\",\"@id\":\"https:\\\/\\\/passeurspatrimoineplogonnec.fr\\\/?page_id=428\",\"url\":\"https:\\\/\\\/passeurspatrimoineplogonnec.fr\\\/?page_id=428\",\"name\":\"Les maires de Plogonnec - Passeurs de Patrimoine de Plogonnec\",\"isPartOf\":{\"@id\":\"https:\\\/\\\/passeurspatrimoineplogonnec.fr\\\/#website\"},\"datePublished\":\"2021-12-03T13:27:41+00:00\",\"dateModified\":\"2023-11-12T11:33:16+00:00\",\"breadcrumb\":{\"@id\":\"https:\\\/\\\/passeurspatrimoineplogonnec.fr\\\/?page_id=428#breadcrumb\"},\"inLanguage\":\"fr-FR\",\"potentialAction\":[{\"@type\":\"ReadAction\",\"target\":[\"https:\\\/\\\/passeurspatrimoineplogonnec.fr\\\/?page_id=428\"]}]},{\"@type\":\"BreadcrumbList\",\"@id\":\"https:\\\/\\\/passeurspatrimoineplogonnec.fr\\\/?page_id=428#breadcrumb\",\"itemListElement\":[{\"@type\":\"ListItem\",\"position\":1,\"name\":\"Accueil\",\"item\":\"https:\\\/\\\/passeurspatrimoineplogonnec.fr\\\/\"},{\"@type\":\"ListItem\",\"position\":2,\"name\":\"Les maires de Plogonnec\"}]},{\"@type\":\"WebSite\",\"@id\":\"https:\\\/\\\/passeurspatrimoineplogonnec.fr\\\/#website\",\"url\":\"https:\\\/\\\/passeurspatrimoineplogonnec.fr\\\/\",\"name\":\"Passeurs de Patrimoine de Plogonnec\",\"description\":\"\",\"potentialAction\":[{\"@type\":\"SearchAction\",\"target\":{\"@type\":\"EntryPoint\",\"urlTemplate\":\"https:\\\/\\\/passeurspatrimoineplogonnec.fr\\\/?s={search_term_string}\"},\"query-input\":{\"@type\":\"PropertyValueSpecification\",\"valueRequired\":true,\"valueName\":\"search_term_string\"}}],\"inLanguage\":\"fr-FR\"}]}<\/script>\n<!-- \/ Yoast SEO plugin. -->","yoast_head_json":{"title":"Les maires de Plogonnec - Passeurs de Patrimoine de Plogonnec","robots":{"index":"index","follow":"follow","max-snippet":"max-snippet:-1","max-image-preview":"max-image-preview:large","max-video-preview":"max-video-preview:-1"},"canonical":"https:\/\/passeurspatrimoineplogonnec.fr\/?page_id=428","og_locale":"fr_FR","og_type":"article","og_title":"Les maires de Plogonnec - Passeurs de Patrimoine de Plogonnec","og_description":"Les maires de Plogonnec de 1789 \u00e0 nos jours 1 Ren\u00e9 Louboutin + ancien syndic de la paroisse 00\/12\/1789 &#8211; 02\/11\/1790 Vacance 02\/11\/1790 &#8211; 14\/11\/1790 2 Louis Boulbria, de Kerangoff, paysan 14\/11\/1790 &#8211; 13\/11\/1791 3 Herv\u00e9 Seznec, de Garlan, paysan, &hellip; Continuer la lecture &rarr;","og_url":"https:\/\/passeurspatrimoineplogonnec.fr\/?page_id=428","og_site_name":"Passeurs de Patrimoine de Plogonnec","article_modified_time":"2023-11-12T11:33:16+00:00","twitter_card":"summary_large_image","twitter_misc":{"Dur\u00e9e de lecture estim\u00e9e":"2 minutes"},"schema":{"@context":"https:\/\/schema.org","@graph":[{"@type":"WebPage","@id":"https:\/\/passeurspatrimoineplogonnec.fr\/?page_id=428","url":"https:\/\/passeurspatrimoineplogonnec.fr\/?page_id=428","name":"Les maires de Plogonnec - Passeurs de Patrimoine de Plogonnec","isPartOf":{"@id":"https:\/\/passeurspatrimoineplogonnec.fr\/#website"},"datePublished":"2021-12-03T13:27:41+00:00","dateModified":"2023-11-12T11:33:16+00:00","breadcrumb":{"@id":"https:\/\/passeurspatrimoineplogonnec.fr\/?page_id=428#breadcrumb"},"inLanguage":"fr-FR","potentialAction":[{"@type":"ReadAction","target":["https:\/\/passeurspatrimoineplogonnec.fr\/?page_id=428"]}]},{"@type":"BreadcrumbList","@id":"https:\/\/passeurspatrimoineplogonnec.fr\/?page_id=428#breadcrumb","itemListElement":[{"@type":"ListItem","position":1,"name":"Accueil","item":"https:\/\/passeurspatrimoineplogonnec.fr\/"},{"@type":"ListItem","position":2,"name":"Les maires de Plogonnec"}]},{"@type":"WebSite","@id":"https:\/\/passeurspatrimoineplogonnec.fr\/#website","url":"https:\/\/passeurspatrimoineplogonnec.fr\/","name":"Passeurs de Patrimoine de Plogonnec","description":"","potentialAction":[{"@type":"SearchAction","target":{"@type":"EntryPoint","urlTemplate":"https:\/\/passeurspatrimoineplogonnec.fr\/?s={search_term_string}"},"query-input":{"@type":"PropertyValueSpecification","valueRequired":true,"valueName":"search_term_string"}}],"inLanguage":"fr-FR"}]}},"_links":{"self":[{"href":"https:\/\/passeurspatrimoineplogonnec.fr\/index.php?rest_route=\/wp\/v2\/pages\/428","targetHints":{"allow":["GET"]}}],"collection":[{"href":"https:\/\/passeurspatrimoineplogonnec.fr\/index.php?rest_route=\/wp\/v2\/pages"}],"about":[{"href":"https:\/\/passeurspatrimoineplogonnec.fr\/index.php?rest_route=\/wp\/v2\/types\/page"}],"author":[{"embeddable":true,"href":"https:\/\/passeurspatrimoineplogonnec.fr\/index.php?rest_route=\/wp\/v2\/users\/1"}],"replies":[{"embeddable":true,"href":"https:\/\/passeurspatrimoineplogonnec.fr\/index.php?rest_route=%2Fwp%2Fv2%2Fcomments&post=428"}],"version-history":[{"count":29,"href":"https:\/\/passeurspatrimoineplogonnec.fr\/index.php?rest_route=\/wp\/v2\/pages\/428\/revisions"}],"predecessor-version":[{"id":527,"href":"https:\/\/passeurspatrimoineplogonnec.fr\/index.php?rest_route=\/wp\/v2\/pages\/428\/revisions\/527"}],"wp:attachment":[{"href":"https:\/\/passeurspatrimoineplogonnec.fr\/index.php?rest_route=%2Fwp%2Fv2%2Fmedia&parent=428"}],"curies":[{"name":"wp","href":"https:\/\/api.w.org\/{rel}","templated":true}]}}