{"id":535,"date":"2021-12-03T16:51:19","date_gmt":"2021-12-03T15:51:19","guid":{"rendered":"http:\/\/passeurspatrimoineplogonnec.fr\/?page_id=535"},"modified":"2022-06-06T23:05:05","modified_gmt":"2022-06-06T21:05:05","slug":"la-milice-republicaine-de-plogonnec","status":"publish","type":"page","link":"https:\/\/passeurspatrimoineplogonnec.fr\/?page_id=535","title":{"rendered":"La milice r\u00e9publicaine de plogonnec"},"content":{"rendered":"\n<p><\/p>\n\n\n\n<p><\/p>\n\n\n\n<p class=\"has-text-align-center has-black-color has-light-gray-background-color has-text-color has-background\"><strong>CANTON DE PLOGONNEC<\/strong><\/p>\n\n\n\n<p class=\"has-text-align-center has-black-color has-light-gray-background-color has-text-color has-background\"><strong>Commune De Plogonnec<\/strong><\/p>\n\n\n\n<p class=\"has-text-align-center has-black-color has-light-gray-background-color has-text-color has-background\">Les administrateurs municipaux de Plogonnec<\/p>\n\n\n\n<p class=\"has-text-align-center has-black-color has-light-gray-background-color has-text-color has-background\">A tous les administr\u00e9s de la section de Quillien.<\/p>\n\n\n\n<p class=\"has-text-align-center has-light-gray-background-color has-background\"><strong>Chers concitoyens,<\/strong><\/p>\n\n\n\n<p class=\"has-light-gray-background-color has-background\">\u00a0\u00a0\u00a0\u00a0\u00a0\u00a0\u00a0Vous ne jouissez plus de cette paix salutaire qui fit toujours le bonheur des cultivateurs. Vous voyez avec douleur les horreurs qui sont commises chez quelques-uns de vos concitoyens, vous craignez continuellement que la m\u00eame chose ne vous arrive.                                              Votre crainte est bien fond\u00e9e\u00a0; ces hommes barbares qui d\u00e9solent vos campagnes, qui volent, br\u00fblent et coupent des membres \u00e0 ceux qui ont le malheur d\u2019exciter leur soif criminelle.       Vous n\u2019avez qu\u2019un moyen de calmer vos alarmes et de recouvrer votre repos, puisqu\u2019on ne peut d\u00e9couvrir ces destructeurs du genre humain\u00a0; c\u2019est de vous r\u00e9unir, de vous faire surveiller la nuit par un nombre d\u2019hommes arm\u00e9s, et de faire voir \u00e0 ces sc\u00e9l\u00e9rats que les Fran\u00e7ais libres ne laissent pas violer impun\u00e9ment le respect d\u00fb \u00e0 la personne et \u00e0 la propri\u00e9t\u00e9\u00a0; c\u2019est d\u2019arr\u00eater ou de faire arr\u00eater tous les vagabonds que vous rencontrerez. Ils vous voient le jour pour faciliter leurs projets nocturnes. C\u2019est ainsi que vous chasserez du canton quiconque voudrait troubler votre repos. C\u2019est ainsi que l\u2019on conna\u00eetra les auteurs des exc\u00e8s qui se renouvellent tous les jours et qu\u2019on leur fera subir la peine due \u00e0 leurs crimes. R\u00e9unissez-vous donc, chers amis de la paix. T\u00e2chez de vous la procurer cette paix ch\u00e9rie, par les moyens que nous vous proposons. Elle vous d\u00e9dommagera des moments que vous donnerez pour vous l\u2019assurer. Nous d\u00e9sirons donc qu\u2019il y ait une patrouille par section, et pour qu\u2019il y ait de l\u2019ordre, nous vous proposons Yves Le Grand de Keryacob, pour votre chef. Si vous trouvez un autre parmi vous qui vous convienne mieux que lui, vous le nommerez mais vous nous en donnerez aussi la connaissance. Nous n\u2019avons pas besoin de vous pr\u00e9venir qu\u2019il faut qu\u2019il sache lire et \u00e9crire\u00a0; vous vous entendrez tous avec lui au moins une fois par d\u00e9cade pour r\u00e9gler les patrouilles et vous nommerez autant d\u2019hommes que vous croirez n\u00e9cessaires pour votre s\u00fbret\u00e9. Chaque patrouille aura son chef particulier qui sera responsable de la conduite. La plus grande union r\u00e9gnera parmi vous et la justice et la Loi seront la r\u00e8gle de votre conduite. Ceux qui seront de service se rappelleront que tous les citoyens de la section se reposent sur eux et qu\u2019ils doivent  s\u2019acquitter avec la plus grande exactitude des fonctions qu\u2019on leur aura confi\u00e9es. Ils garderont le plus grand silence afin de mieux entendre ce qui se passera dans la section. Ils s\u2019assureront bien de ce qui s\u2019y passera avant d\u2019appeler le secours de leurs concitoyens. Il est d\u00e9fendu de tirer un coup de fusil la nuit, de crier, de donner de la corne sauf pour demander du secours. Les patrouilles voisines d\u2019une section quelconque qui apercevront quelque mouvement dans une autre section, t\u00e2cheront d\u2019\u00eatre en force et cerneront cette section de mani\u00e8re \u00e0 n\u2019en laisser \u00e9chapper personne. La grande route sera libre \u00e0 tout le monde, \u00e0 moins qu\u2019on ne soup\u00e7onne m\u00e9chants ou d\u00e9serteurs ceux qui y passent. Quiconque voudra tromper la patrouille soit en tirant un coup de fusil, soit en criant, soit en donnant de la corne sera regard\u00e9 comme perturbateur de l\u2019ordre et puni comme tel. Le chef de la section donnera le mot d\u2018ordre, les personnes suspectes et les inconnus seront arr\u00eat\u00e9s et conduits devant lui ou devant le commissaire ou l\u2019agent municipal le plus choisi. On s\u2019en assurera et on les conduira au chef lieu du canton si on le juge \u00e0 propos et surtout s\u2019ils ne sont pas munis d\u2019un bon passeport. Le chef de chaque patrouille sera tenu de faire tous les matins son rapport au chef de la section, qui sera \u00e9galement tenu d\u2019en instruire l\u2019administration, s\u2019il arrivait quelque chose d\u2019extraordinaire. Nous esp\u00e9rons que tout le monde s&#8217;empressera de contribuer \u00e0 cette mesure salutaire autant qu\u2019il lui sera possible et que personne ne dira qu\u2019il n\u2019a pas besoin d\u2019\u00eatre de garde.<\/p>\n\n\n\n<p>En l\u2019administration municipale le 16 germinal an 5\u00e8<\/p>\n\n\n\n<p class=\"has-text-align-center\">Jean Le Guillou pr\u00e9sident<\/p>\n\n\n\n<p class=\"has-text-align-center\">Le Faucheur<\/p>\n\n\n\n<p class=\"has-text-align-center\">Com re<\/p>\n\n\n\n<p class=\"has-text-align-center\">G. Le Queau<\/p>\n\n\n\n<p class=\"has-text-align-center\">Jean Legrand agt ml<\/p>\n\n\n\n<p class=\"has-text-align-center\">Agt. Mpal<\/p>\n\n\n\n<p class=\"has-text-align-right\"><strong>Par Andr\u00e9 BOZEC<\/strong><\/p>\n","protected":false},"excerpt":{"rendered":"<p>CANTON DE PLOGONNEC Commune De Plogonnec Les administrateurs municipaux de Plogonnec A tous les administr\u00e9s de la section de Quillien. Chers concitoyens, \u00a0\u00a0\u00a0\u00a0\u00a0\u00a0\u00a0Vous ne jouissez plus de cette paix salutaire qui fit toujours le bonheur des cultivateurs. Vous voyez avec &hellip; <a href=\"https:\/\/passeurspatrimoineplogonnec.fr\/?page_id=535\">Continuer la lecture <span class=\"meta-nav\">&rarr;<\/span><\/a><\/p>\n","protected":false},"author":1,"featured_media":0,"parent":0,"menu_order":0,"comment_status":"closed","ping_status":"closed","template":"","meta":{"footnotes":""},"class_list":["post-535","page","type-page","status-publish","hentry"],"yoast_head":"<!-- This site is optimized with the Yoast SEO plugin v27.4 - https:\/\/yoast.com\/product\/yoast-seo-wordpress\/ -->\n<title>La milice r\u00e9publicaine de plogonnec - Passeurs de Patrimoine de Plogonnec<\/title>\n<meta name=\"robots\" content=\"index, follow, max-snippet:-1, max-image-preview:large, max-video-preview:-1\" \/>\n<link rel=\"canonical\" href=\"https:\/\/passeurspatrimoineplogonnec.fr\/?page_id=535\" \/>\n<meta property=\"og:locale\" content=\"fr_FR\" \/>\n<meta property=\"og:type\" content=\"article\" \/>\n<meta property=\"og:title\" content=\"La milice r\u00e9publicaine de plogonnec - Passeurs de Patrimoine de Plogonnec\" \/>\n<meta property=\"og:description\" content=\"CANTON DE PLOGONNEC Commune De Plogonnec Les administrateurs municipaux de Plogonnec A tous les administr\u00e9s de la section de Quillien. Chers concitoyens, \u00a0\u00a0\u00a0\u00a0\u00a0\u00a0\u00a0Vous ne jouissez plus de cette paix salutaire qui fit toujours le bonheur des cultivateurs. Vous voyez avec &hellip; Continuer la lecture &rarr;\" \/>\n<meta property=\"og:url\" content=\"https:\/\/passeurspatrimoineplogonnec.fr\/?page_id=535\" \/>\n<meta property=\"og:site_name\" content=\"Passeurs de Patrimoine de Plogonnec\" \/>\n<meta property=\"article:modified_time\" content=\"2022-06-06T21:05:05+00:00\" \/>\n<meta name=\"twitter:card\" content=\"summary_large_image\" \/>\n<meta name=\"twitter:label1\" content=\"Dur\u00e9e de lecture estim\u00e9e\" \/>\n\t<meta name=\"twitter:data1\" content=\"4 minutes\" \/>\n<script type=\"application\/ld+json\" class=\"yoast-schema-graph\">{\"@context\":\"https:\\\/\\\/schema.org\",\"@graph\":[{\"@type\":\"WebPage\",\"@id\":\"https:\\\/\\\/passeurspatrimoineplogonnec.fr\\\/?page_id=535\",\"url\":\"https:\\\/\\\/passeurspatrimoineplogonnec.fr\\\/?page_id=535\",\"name\":\"La milice r\u00e9publicaine de plogonnec - Passeurs de Patrimoine de Plogonnec\",\"isPartOf\":{\"@id\":\"https:\\\/\\\/passeurspatrimoineplogonnec.fr\\\/#website\"},\"datePublished\":\"2021-12-03T15:51:19+00:00\",\"dateModified\":\"2022-06-06T21:05:05+00:00\",\"breadcrumb\":{\"@id\":\"https:\\\/\\\/passeurspatrimoineplogonnec.fr\\\/?page_id=535#breadcrumb\"},\"inLanguage\":\"fr-FR\",\"potentialAction\":[{\"@type\":\"ReadAction\",\"target\":[\"https:\\\/\\\/passeurspatrimoineplogonnec.fr\\\/?page_id=535\"]}]},{\"@type\":\"BreadcrumbList\",\"@id\":\"https:\\\/\\\/passeurspatrimoineplogonnec.fr\\\/?page_id=535#breadcrumb\",\"itemListElement\":[{\"@type\":\"ListItem\",\"position\":1,\"name\":\"Accueil\",\"item\":\"https:\\\/\\\/passeurspatrimoineplogonnec.fr\\\/\"},{\"@type\":\"ListItem\",\"position\":2,\"name\":\"La milice r\u00e9publicaine de plogonnec\"}]},{\"@type\":\"WebSite\",\"@id\":\"https:\\\/\\\/passeurspatrimoineplogonnec.fr\\\/#website\",\"url\":\"https:\\\/\\\/passeurspatrimoineplogonnec.fr\\\/\",\"name\":\"Passeurs de Patrimoine de Plogonnec\",\"description\":\"\",\"potentialAction\":[{\"@type\":\"SearchAction\",\"target\":{\"@type\":\"EntryPoint\",\"urlTemplate\":\"https:\\\/\\\/passeurspatrimoineplogonnec.fr\\\/?s={search_term_string}\"},\"query-input\":{\"@type\":\"PropertyValueSpecification\",\"valueRequired\":true,\"valueName\":\"search_term_string\"}}],\"inLanguage\":\"fr-FR\"}]}<\/script>\n<!-- \/ Yoast SEO plugin. -->","yoast_head_json":{"title":"La milice r\u00e9publicaine de plogonnec - Passeurs de Patrimoine de Plogonnec","robots":{"index":"index","follow":"follow","max-snippet":"max-snippet:-1","max-image-preview":"max-image-preview:large","max-video-preview":"max-video-preview:-1"},"canonical":"https:\/\/passeurspatrimoineplogonnec.fr\/?page_id=535","og_locale":"fr_FR","og_type":"article","og_title":"La milice r\u00e9publicaine de plogonnec - Passeurs de Patrimoine de Plogonnec","og_description":"CANTON DE PLOGONNEC Commune De Plogonnec Les administrateurs municipaux de Plogonnec A tous les administr\u00e9s de la section de Quillien. Chers concitoyens, \u00a0\u00a0\u00a0\u00a0\u00a0\u00a0\u00a0Vous ne jouissez plus de cette paix salutaire qui fit toujours le bonheur des cultivateurs. Vous voyez avec &hellip; Continuer la lecture &rarr;","og_url":"https:\/\/passeurspatrimoineplogonnec.fr\/?page_id=535","og_site_name":"Passeurs de Patrimoine de Plogonnec","article_modified_time":"2022-06-06T21:05:05+00:00","twitter_card":"summary_large_image","twitter_misc":{"Dur\u00e9e de lecture estim\u00e9e":"4 minutes"},"schema":{"@context":"https:\/\/schema.org","@graph":[{"@type":"WebPage","@id":"https:\/\/passeurspatrimoineplogonnec.fr\/?page_id=535","url":"https:\/\/passeurspatrimoineplogonnec.fr\/?page_id=535","name":"La milice r\u00e9publicaine de plogonnec - Passeurs de Patrimoine de Plogonnec","isPartOf":{"@id":"https:\/\/passeurspatrimoineplogonnec.fr\/#website"},"datePublished":"2021-12-03T15:51:19+00:00","dateModified":"2022-06-06T21:05:05+00:00","breadcrumb":{"@id":"https:\/\/passeurspatrimoineplogonnec.fr\/?page_id=535#breadcrumb"},"inLanguage":"fr-FR","potentialAction":[{"@type":"ReadAction","target":["https:\/\/passeurspatrimoineplogonnec.fr\/?page_id=535"]}]},{"@type":"BreadcrumbList","@id":"https:\/\/passeurspatrimoineplogonnec.fr\/?page_id=535#breadcrumb","itemListElement":[{"@type":"ListItem","position":1,"name":"Accueil","item":"https:\/\/passeurspatrimoineplogonnec.fr\/"},{"@type":"ListItem","position":2,"name":"La milice r\u00e9publicaine de plogonnec"}]},{"@type":"WebSite","@id":"https:\/\/passeurspatrimoineplogonnec.fr\/#website","url":"https:\/\/passeurspatrimoineplogonnec.fr\/","name":"Passeurs de Patrimoine de Plogonnec","description":"","potentialAction":[{"@type":"SearchAction","target":{"@type":"EntryPoint","urlTemplate":"https:\/\/passeurspatrimoineplogonnec.fr\/?s={search_term_string}"},"query-input":{"@type":"PropertyValueSpecification","valueRequired":true,"valueName":"search_term_string"}}],"inLanguage":"fr-FR"}]}},"_links":{"self":[{"href":"https:\/\/passeurspatrimoineplogonnec.fr\/index.php?rest_route=\/wp\/v2\/pages\/535","targetHints":{"allow":["GET"]}}],"collection":[{"href":"https:\/\/passeurspatrimoineplogonnec.fr\/index.php?rest_route=\/wp\/v2\/pages"}],"about":[{"href":"https:\/\/passeurspatrimoineplogonnec.fr\/index.php?rest_route=\/wp\/v2\/types\/page"}],"author":[{"embeddable":true,"href":"https:\/\/passeurspatrimoineplogonnec.fr\/index.php?rest_route=\/wp\/v2\/users\/1"}],"replies":[{"embeddable":true,"href":"https:\/\/passeurspatrimoineplogonnec.fr\/index.php?rest_route=%2Fwp%2Fv2%2Fcomments&post=535"}],"version-history":[{"count":47,"href":"https:\/\/passeurspatrimoineplogonnec.fr\/index.php?rest_route=\/wp\/v2\/pages\/535\/revisions"}],"predecessor-version":[{"id":1364,"href":"https:\/\/passeurspatrimoineplogonnec.fr\/index.php?rest_route=\/wp\/v2\/pages\/535\/revisions\/1364"}],"wp:attachment":[{"href":"https:\/\/passeurspatrimoineplogonnec.fr\/index.php?rest_route=%2Fwp%2Fv2%2Fmedia&parent=535"}],"curies":[{"name":"wp","href":"https:\/\/api.w.org\/{rel}","templated":true}]}}