{"id":73,"date":"2021-11-09T15:24:39","date_gmt":"2021-11-09T14:24:39","guid":{"rendered":"http:\/\/passeurspatrimoineplogonnec.fr\/?page_id=73"},"modified":"2026-03-14T18:40:07","modified_gmt":"2026-03-14T17:40:07","slug":"chantiers","status":"publish","type":"page","link":"https:\/\/passeurspatrimoineplogonnec.fr\/?page_id=73","title":{"rendered":"Chantiers"},"content":{"rendered":"\n<p class=\"has-black-color has-light-gray-background-color has-text-color has-background\"><strong>Entretien des sentiers et sites patrimoniaux<\/strong><\/p>\n\n\n\n<p><a href=\"https:\/\/passeurspatrimoineplogonnec.fr\/?page_id=5148\" target=\"_blank\" rel=\"noreferrer noopener\">Le calvaire St jean &#8211; mars 2026.<\/a><\/p>\n\n\n\n<p><a href=\"https:\/\/passeurspatrimoineplogonnec.fr\/?page_id=4790\" target=\"_blank\" rel=\"noreferrer noopener\">Le chantier de Landibilic &#8211; septembre et octobre 2025.<\/a><\/p>\n\n\n\n<p><a href=\"https:\/\/passeurspatrimoineplogonnec.fr\/?page_id=4523\" target=\"_blank\" rel=\"noreferrer noopener\">Le lavoir de Kergoc.<\/a><\/p>\n\n\n\n<p><a href=\"https:\/\/passeurspatrimoineplogonnec.fr\/?page_id=4095\" target=\"_blank\" rel=\"noreferrer noopener\">Le stage de tron\u00e7onneuse.<\/a><\/p>\n\n\n\n<p><a href=\"http:\/\/passeurspatrimoineplogonnec.fr\/?page_id=945\" target=\"_blank\" rel=\"noreferrer noopener\">La sente de St Thurien, son escalier, sa fontaine et son lavoir.<\/a><\/p>\n\n\n\n<p><a href=\"http:\/\/passeurspatrimoineplogonnec.fr\/?page_id=948\" target=\"_blank\" rel=\"noreferrer noopener\">La  voie verte de Pen-ar-vern.<\/a><\/p>\n\n\n\n<p><a href=\"http:\/\/passeurspatrimoineplogonnec.fr\/?page_id=951\" target=\"_blank\" rel=\"noreferrer noopener\">La fontaine St Egarrec , St Egonnec.<\/a><\/p>\n\n\n\n<p><a href=\"https:\/\/passeurspatrimoineplogonnec.fr\/?page_id=3051\" target=\"_blank\" rel=\"noreferrer noopener\">R\u00e9fection de la fontaine St M\u00e9en.<\/a><\/p>\n\n\n\n<p class=\"has-black-color has-light-gray-background-color has-text-color has-background\"><strong>Un projet associatif et communal.<\/strong><\/p>\n\n\n\n<p>Dans le cadre de ses activit\u00e9s de mise au jour de fontaines et d\u2019autres lieux remarquables, d\u2019ouverture de sentes et d\u2019entretien de sentiers, l\u2019association \u00ab&nbsp;les Passeurs de Patrimoine&nbsp;\u00bb a sign\u00e9 une convention de collaboration avec la municipalit\u00e9, pour r\u00e9aliser ces travaux.<\/p>\n\n\n\n<p>La municipalit\u00e9 va faire l\u2019acquisition des outils n\u00e9cessaires pour mener \u00e0 bien ces chantiers, dans de bonnes conditions. Ce mat\u00e9riel sera mis \u00e0 la disposition exclusive de l\u2019association, qui en assurera l\u2019entretien et le stockage dans un local d\u00e9di\u00e9.<\/p>\n\n\n\n<p>L\u2019association se chargera de l\u2019organisation des chantiers.<\/p>\n\n\n\n<p>Les membres de l\u2019association souhaitent, que ces activit\u00e9s patrimoniales soient l\u2019occasion de r\u00e9unir toutes les personnes qui ont la m\u00eame aspiration &nbsp;: la mise en valeur du <strong>Patrimoine<\/strong> et, au-del\u00e0 de ces chantiers cr\u00e9er une coh\u00e9sion associative.<\/p>\n\n\n\n<p>Jean-Luc B\u00e9goc assurera la ma\u00eetrise de ces chantiers, si vous souhaitez y participer, c\u2019est avec grand plaisir que nous vous accueillerons. Inscrivez-vous, pour \u00eatre joignables \u00e0 l\u2019adresse courriel ci-dessous.<\/p>\n\n\n\n<p class=\"has-black-color has-light-gray-background-color has-text-color has-background\"><strong>passeurspatrimoine@gmail.com<\/strong><\/p>\n","protected":false},"excerpt":{"rendered":"<p>Entretien des sentiers et sites patrimoniaux Le calvaire St jean &#8211; mars 2026. Le chantier de Landibilic &#8211; septembre et octobre 2025. Le lavoir de Kergoc. Le stage de tron\u00e7onneuse. La sente de St Thurien, son escalier, sa fontaine et &hellip; <a href=\"https:\/\/passeurspatrimoineplogonnec.fr\/?page_id=73\">Continuer la lecture <span class=\"meta-nav\">&rarr;<\/span><\/a><\/p>\n","protected":false},"author":1,"featured_media":0,"parent":0,"menu_order":0,"comment_status":"closed","ping_status":"closed","template":"","meta":{"footnotes":""},"class_list":["post-73","page","type-page","status-publish","hentry"],"yoast_head":"<!-- This site is optimized with the Yoast SEO plugin v27.4 - https:\/\/yoast.com\/product\/yoast-seo-wordpress\/ -->\n<title>Chantiers - Passeurs de Patrimoine de Plogonnec<\/title>\n<meta name=\"robots\" content=\"index, follow, max-snippet:-1, max-image-preview:large, max-video-preview:-1\" \/>\n<link rel=\"canonical\" href=\"https:\/\/passeurspatrimoineplogonnec.fr\/?page_id=73\" \/>\n<meta property=\"og:locale\" content=\"fr_FR\" \/>\n<meta property=\"og:type\" content=\"article\" \/>\n<meta property=\"og:title\" content=\"Chantiers - Passeurs de Patrimoine de Plogonnec\" \/>\n<meta property=\"og:description\" content=\"Entretien des sentiers et sites patrimoniaux Le calvaire St jean &#8211; mars 2026. Le chantier de Landibilic &#8211; septembre et octobre 2025. Le lavoir de Kergoc. Le stage de tron\u00e7onneuse. La sente de St Thurien, son escalier, sa fontaine et &hellip; Continuer la lecture &rarr;\" \/>\n<meta property=\"og:url\" content=\"https:\/\/passeurspatrimoineplogonnec.fr\/?page_id=73\" \/>\n<meta property=\"og:site_name\" content=\"Passeurs de Patrimoine de Plogonnec\" \/>\n<meta property=\"article:modified_time\" content=\"2026-03-14T17:40:07+00:00\" \/>\n<meta name=\"twitter:card\" content=\"summary_large_image\" \/>\n<meta name=\"twitter:label1\" content=\"Dur\u00e9e de lecture estim\u00e9e\" \/>\n\t<meta name=\"twitter:data1\" content=\"2 minutes\" \/>\n<script type=\"application\/ld+json\" class=\"yoast-schema-graph\">{\"@context\":\"https:\\\/\\\/schema.org\",\"@graph\":[{\"@type\":\"WebPage\",\"@id\":\"https:\\\/\\\/passeurspatrimoineplogonnec.fr\\\/?page_id=73\",\"url\":\"https:\\\/\\\/passeurspatrimoineplogonnec.fr\\\/?page_id=73\",\"name\":\"Chantiers - Passeurs de Patrimoine de Plogonnec\",\"isPartOf\":{\"@id\":\"https:\\\/\\\/passeurspatrimoineplogonnec.fr\\\/#website\"},\"datePublished\":\"2021-11-09T14:24:39+00:00\",\"dateModified\":\"2026-03-14T17:40:07+00:00\",\"breadcrumb\":{\"@id\":\"https:\\\/\\\/passeurspatrimoineplogonnec.fr\\\/?page_id=73#breadcrumb\"},\"inLanguage\":\"fr-FR\",\"potentialAction\":[{\"@type\":\"ReadAction\",\"target\":[\"https:\\\/\\\/passeurspatrimoineplogonnec.fr\\\/?page_id=73\"]}]},{\"@type\":\"BreadcrumbList\",\"@id\":\"https:\\\/\\\/passeurspatrimoineplogonnec.fr\\\/?page_id=73#breadcrumb\",\"itemListElement\":[{\"@type\":\"ListItem\",\"position\":1,\"name\":\"Accueil\",\"item\":\"https:\\\/\\\/passeurspatrimoineplogonnec.fr\\\/\"},{\"@type\":\"ListItem\",\"position\":2,\"name\":\"Chantiers\"}]},{\"@type\":\"WebSite\",\"@id\":\"https:\\\/\\\/passeurspatrimoineplogonnec.fr\\\/#website\",\"url\":\"https:\\\/\\\/passeurspatrimoineplogonnec.fr\\\/\",\"name\":\"Passeurs de Patrimoine de Plogonnec\",\"description\":\"\",\"potentialAction\":[{\"@type\":\"SearchAction\",\"target\":{\"@type\":\"EntryPoint\",\"urlTemplate\":\"https:\\\/\\\/passeurspatrimoineplogonnec.fr\\\/?s={search_term_string}\"},\"query-input\":{\"@type\":\"PropertyValueSpecification\",\"valueRequired\":true,\"valueName\":\"search_term_string\"}}],\"inLanguage\":\"fr-FR\"}]}<\/script>\n<!-- \/ Yoast SEO plugin. -->","yoast_head_json":{"title":"Chantiers - Passeurs de Patrimoine de Plogonnec","robots":{"index":"index","follow":"follow","max-snippet":"max-snippet:-1","max-image-preview":"max-image-preview:large","max-video-preview":"max-video-preview:-1"},"canonical":"https:\/\/passeurspatrimoineplogonnec.fr\/?page_id=73","og_locale":"fr_FR","og_type":"article","og_title":"Chantiers - Passeurs de Patrimoine de Plogonnec","og_description":"Entretien des sentiers et sites patrimoniaux Le calvaire St jean &#8211; mars 2026. Le chantier de Landibilic &#8211; septembre et octobre 2025. Le lavoir de Kergoc. Le stage de tron\u00e7onneuse. La sente de St Thurien, son escalier, sa fontaine et &hellip; Continuer la lecture &rarr;","og_url":"https:\/\/passeurspatrimoineplogonnec.fr\/?page_id=73","og_site_name":"Passeurs de Patrimoine de Plogonnec","article_modified_time":"2026-03-14T17:40:07+00:00","twitter_card":"summary_large_image","twitter_misc":{"Dur\u00e9e de lecture estim\u00e9e":"2 minutes"},"schema":{"@context":"https:\/\/schema.org","@graph":[{"@type":"WebPage","@id":"https:\/\/passeurspatrimoineplogonnec.fr\/?page_id=73","url":"https:\/\/passeurspatrimoineplogonnec.fr\/?page_id=73","name":"Chantiers - Passeurs de Patrimoine de Plogonnec","isPartOf":{"@id":"https:\/\/passeurspatrimoineplogonnec.fr\/#website"},"datePublished":"2021-11-09T14:24:39+00:00","dateModified":"2026-03-14T17:40:07+00:00","breadcrumb":{"@id":"https:\/\/passeurspatrimoineplogonnec.fr\/?page_id=73#breadcrumb"},"inLanguage":"fr-FR","potentialAction":[{"@type":"ReadAction","target":["https:\/\/passeurspatrimoineplogonnec.fr\/?page_id=73"]}]},{"@type":"BreadcrumbList","@id":"https:\/\/passeurspatrimoineplogonnec.fr\/?page_id=73#breadcrumb","itemListElement":[{"@type":"ListItem","position":1,"name":"Accueil","item":"https:\/\/passeurspatrimoineplogonnec.fr\/"},{"@type":"ListItem","position":2,"name":"Chantiers"}]},{"@type":"WebSite","@id":"https:\/\/passeurspatrimoineplogonnec.fr\/#website","url":"https:\/\/passeurspatrimoineplogonnec.fr\/","name":"Passeurs de Patrimoine de Plogonnec","description":"","potentialAction":[{"@type":"SearchAction","target":{"@type":"EntryPoint","urlTemplate":"https:\/\/passeurspatrimoineplogonnec.fr\/?s={search_term_string}"},"query-input":{"@type":"PropertyValueSpecification","valueRequired":true,"valueName":"search_term_string"}}],"inLanguage":"fr-FR"}]}},"_links":{"self":[{"href":"https:\/\/passeurspatrimoineplogonnec.fr\/index.php?rest_route=\/wp\/v2\/pages\/73","targetHints":{"allow":["GET"]}}],"collection":[{"href":"https:\/\/passeurspatrimoineplogonnec.fr\/index.php?rest_route=\/wp\/v2\/pages"}],"about":[{"href":"https:\/\/passeurspatrimoineplogonnec.fr\/index.php?rest_route=\/wp\/v2\/types\/page"}],"author":[{"embeddable":true,"href":"https:\/\/passeurspatrimoineplogonnec.fr\/index.php?rest_route=\/wp\/v2\/users\/1"}],"replies":[{"embeddable":true,"href":"https:\/\/passeurspatrimoineplogonnec.fr\/index.php?rest_route=%2Fwp%2Fv2%2Fcomments&post=73"}],"version-history":[{"count":22,"href":"https:\/\/passeurspatrimoineplogonnec.fr\/index.php?rest_route=\/wp\/v2\/pages\/73\/revisions"}],"predecessor-version":[{"id":5169,"href":"https:\/\/passeurspatrimoineplogonnec.fr\/index.php?rest_route=\/wp\/v2\/pages\/73\/revisions\/5169"}],"wp:attachment":[{"href":"https:\/\/passeurspatrimoineplogonnec.fr\/index.php?rest_route=%2Fwp%2Fv2%2Fmedia&parent=73"}],"curies":[{"name":"wp","href":"https:\/\/api.w.org\/{rel}","templated":true}]}}